{"id":100712,"date":"2018-10-10T15:41:17","date_gmt":"2018-10-10T13:41:17","guid":{"rendered":"http:\/\/www.lichtenfels.at\/neu\/?page_id=100712"},"modified":"2018-10-15T10:54:20","modified_gmt":"2018-10-15T08:54:20","slug":"lernprofi","status":"publish","type":"page","link":"https:\/\/www.lichtenfels.at\/neu\/angebot\/projekte\/lernprofi\/","title":{"rendered":"Lernprofi"},"content":{"rendered":"<h4>Das Projekt Lernprofi in den ersten Klassen<\/h4>\n<p>F\u00fcr den 15.2.2018 stand das Projekt Lernprofi auf unserem Stundenplan. Alle waren schon sehr gespannt, wie man das Lernen lernen kann.<\/p>\n<p>Wir staunten nicht schlecht, als wir die vier verschiedenen Lerntypen kennenlernten: Ohre<a href=\"http:\/\/www.lichtenfels.at\/neu\/wp-content\/uploads\/2018\/10\/Lernprofi.jpg\"><img fetchpriority=\"high\" class=\"wp-image-136779 size-medium alignright\" src=\"http:\/\/www.lichtenfels.at\/neu\/wp-content\/uploads\/2018\/10\/Lernprofi-225x300.jpg\" alt=\"\" width=\"225\" height=\"300\" srcset=\"https:\/\/www.lichtenfels.at\/wp-content\/uploads\/2018\/10\/Lernprofi-225x300.jpg 225w, https:\/\/www.lichtenfels.at\/wp-content\/uploads\/2018\/10\/Lernprofi.jpg 540w\" sizes=\"(max-width: 225px) 100vw, 225px\" \/><\/a>ntyp, Augentyp, Handlungstyp und Mischtyp. Frau Professor Jelitzka testete uns und es war interessant zu erkennen, welcher Typ jeder Einzelne aus der Klasse war. So lernt der Ohrentyp am besten durch Zuh\u00f6ren und meistens m\u00f6gen diese Menschen auch gerne Musik und H\u00f6rspiele. Der Augentyp merkt sich vieles leichter durch Bilder, der Handlungstyp speichert das Erlernte, wenn er etwas dazu bastelt oder w\u00e4hrend er sich bewegt. Im weiteren Verlauf des Vormittages haben wir geh\u00f6rt, gesehen und begriffen \u2013 jeder auf seine Weise \u2013 und gelernt, dass eine gesunde Ern\u00e4hrung und ausreichend Bewegung Voraussetzung f\u00fcr das Merken und Verstehen sind. Damit war klar, dass vier Turnstunden pro Woche optimal sind. Auch Spielen und Herumtollen tragen aktiv zum Lernen bei. Nach den wichtigsten Lerntipps von Frau Professor Birringer und kurzen Konzentrations\u00fcbungen f\u00fchlten wir uns dann endg\u00fcltig als Lichtenfels-Lernprofis, denn so macht Lernen richtig Spa\u00df.<\/p>\n<p>(Suvi-Rosa-Lou Schoster &amp; Naomi-Felizia Findner 1d Klasse)<\/p>\n<h4><\/h4>\n<p>&nbsp;<\/p>\n<p>&nbsp;<\/p>\n<h4><\/h4>\n<h4><\/h4>\n<p>&nbsp;<\/p>\n","protected":false},"excerpt":{"rendered":"<p>Das Projekt Lernprofi in den ersten Klassen F\u00fcr den 15.2.2018 stand das Projekt Lernprofi auf unserem Stundenplan. Alle waren schon sehr gespannt, wie man das Lernen lernen kann. Wir staunten\u2026 <a href=\"https:\/\/www.lichtenfels.at\/neu\/angebot\/projekte\/lernprofi\/\" class=\"read-more-link\">weiterlesen &rarr;<\/a><\/p>\n","protected":false},"author":5,"featured_media":0,"parent":19209,"menu_order":6,"comment_status":"closed","ping_status":"closed","template":"page-fullwidth.php","meta":[],"_links":{"self":[{"href":"https:\/\/www.lichtenfels.at\/neu\/wp-json\/wp\/v2\/pages\/100712"}],"collection":[{"href":"https:\/\/www.lichtenfels.at\/neu\/wp-json\/wp\/v2\/pages"}],"about":[{"href":"https:\/\/www.lichtenfels.at\/neu\/wp-json\/wp\/v2\/types\/page"}],"author":[{"embeddable":true,"href":"https:\/\/www.lichtenfels.at\/neu\/wp-json\/wp\/v2\/users\/5"}],"replies":[{"embeddable":true,"href":"https:\/\/www.lichtenfels.at\/neu\/wp-json\/wp\/v2\/comments?post=100712"}],"version-history":[{"count":12,"href":"https:\/\/www.lichtenfels.at\/neu\/wp-json\/wp\/v2\/pages\/100712\/revisions"}],"predecessor-version":[{"id":137289,"href":"https:\/\/www.lichtenfels.at\/neu\/wp-json\/wp\/v2\/pages\/100712\/revisions\/137289"}],"up":[{"embeddable":true,"href":"https:\/\/www.lichtenfels.at\/neu\/wp-json\/wp\/v2\/pages\/19209"}],"wp:attachment":[{"href":"https:\/\/www.lichtenfels.at\/neu\/wp-json\/wp\/v2\/media?parent=100712"}],"curies":[{"name":"wp","href":"https:\/\/api.w.org\/{rel}","templated":true}]}}

<h4>Das Projekt Lernprofi in den ersten Klassen</h4>
<p>Für den 15.2.2018 stand das Projekt Lernprofi auf unserem Stundenplan. Alle waren schon sehr gespannt, wie man das Lernen lernen kann.</p>
<p>Wir staunten nicht schlecht, als wir die vier verschiedenen Lerntypen kennenlernten: Ohre<a href="http://www.lichtenfels.at/neu/wp-content/uploads/2018/10/Lernprofi.jpg"><img fetchpriority="high" class="wp-image-136779 size-medium alignright" src="http://www.lichtenfels.at/neu/wp-content/uploads/2018/10/Lernprofi-225x300.jpg" alt="" width="225" height="300" srcset="https://www.lichtenfels.at/wp-content/uploads/2018/10/Lernprofi-225x300.jpg 225w, https://www.lichtenfels.at/wp-content/uploads/2018/10/Lernprofi.jpg 540w" sizes="(max-width: 225px) 100vw, 225px" /></a>ntyp, Augentyp, Handlungstyp und Mischtyp. Frau Professor Jelitzka testete uns und es war interessant zu erkennen, welcher Typ jeder Einzelne aus der Klasse war. So lernt der Ohrentyp am besten durch Zuhören und meistens mögen diese Menschen auch gerne Musik und Hörspiele. Der Augentyp merkt sich vieles leichter durch Bilder, der Handlungstyp speichert das Erlernte, wenn er etwas dazu bastelt oder während er sich bewegt. Im weiteren Verlauf des Vormittages haben wir gehört, gesehen und begriffen – jeder auf seine Weise – und gelernt, dass eine gesunde Ernährung und ausreichend Bewegung Voraussetzung für das Merken und Verstehen sind. Damit war klar, dass vier Turnstunden pro Woche optimal sind. Auch Spielen und Herumtollen tragen aktiv zum Lernen bei. Nach den wichtigsten Lerntipps von Frau Professor Birringer und kurzen Konzentrationsübungen fühlten wir uns dann endgültig als Lichtenfels-Lernprofis, denn so macht Lernen richtig Spaß.</p>
<p>(Suvi-Rosa-Lou Schoster &amp; Naomi-Felizia Findner 1d Klasse)</p>
<h4></h4>
<p>&nbsp;</p>
<p>&nbsp;</p>
<h4></h4>
<h4></h4>
<p>&nbsp;</p>

<p>Das Projekt Lernprofi in den ersten Klassen Für den 15.2.2018 stand das Projekt Lernprofi auf unserem Stundenplan. Alle waren schon sehr gespannt, wie man das Lernen lernen kann. Wir staunten… <a href="https://www.lichtenfels.at/neu/angebot/projekte/lernprofi/" class="read-more-link">weiterlesen &rarr;</a></p>
