{"id":101566,"date":"2018-10-10T15:44:17","date_gmt":"2018-10-10T13:44:17","guid":{"rendered":"http:\/\/www.lichtenfels.at\/neu\/?page_id=101566"},"modified":"2018-10-12T14:24:07","modified_gmt":"2018-10-12T12:24:07","slug":"benimm-projekt","status":"publish","type":"page","link":"https:\/\/www.lichtenfels.at\/neu\/angebot\/projekte\/benimm-projekt\/","title":{"rendered":"Lichtenfels Knigge"},"content":{"rendered":"<h4>Bitte, danke, gern geschehen.<\/h4>\n<p>Ein gro\u00dfes Schulgeb\u00e4ude, massenhaft neue LehrerInnen und eine Vielzahl ungewohnter Eindr\u00fccke erwarten unsere Neuank\u00f6mmlinge am BG\/BRG Lichtenfels. Da kommt es durchaus vor, dass man sich einmal hilfesuchend an neue LehrerInnen, das Sekretariat oder die Administration wenden muss. Der Knigge Kurs dient dazu, unseren jungen LichtenfelserInnen das Werkzeug mitzugeben, um diese und \u00e4hnliche Situationen wie Gro\u00dfe zu meistern. Unser Ziel dabei ist, h\u00f6fliche Umgangsformen, die Basics der K\u00f6rpersprache im Klassenzimmer und ein positives Auftreten bei schulexternen Aktivit\u00e4ten zu etablieren. Anhand theoretischer Inputs und einiger kurzer Rollenspiele, sollen diese Aspekte des allt\u00e4glichen Lebens besprochen und\u00a0gefestigt werden.<\/p>\n<p>&nbsp;<\/p>\n<p><img class=\"alignleft wp-image-73495 size-thumbnail\" src=\"http:\/\/www.lichtenfels.at\/neu\/wp-content\/uploads\/2018\/09\/schulpsychologin-150x150.png\" alt=\"\" width=\"150\" height=\"150\" srcset=\"https:\/\/www.lichtenfels.at\/wp-content\/uploads\/2018\/09\/schulpsychologin-150x150.png 150w, https:\/\/www.lichtenfels.at\/wp-content\/uploads\/2018\/09\/schulpsychologin-60x60.png 60w, https:\/\/www.lichtenfels.at\/wp-content\/uploads\/2018\/09\/schulpsychologin.png 248w\" sizes=\"(max-width: 150px) 100vw, 150px\" \/><img class=\"alignright wp-image-58277 size-thumbnail\" src=\"http:\/\/www.lichtenfels.at\/neu\/wp-content\/uploads\/2018\/09\/54-bg-brg-lichtenfels-schule-graz-gymnasium-realgymnasium-bildung-icons-1-150x150.png\" alt=\"\" width=\"150\" height=\"150\" srcset=\"https:\/\/www.lichtenfels.at\/wp-content\/uploads\/2018\/09\/54-bg-brg-lichtenfels-schule-graz-gymnasium-realgymnasium-bildung-icons-1-150x150.png 150w, https:\/\/www.lichtenfels.at\/wp-content\/uploads\/2018\/09\/54-bg-brg-lichtenfels-schule-graz-gymnasium-realgymnasium-bildung-icons-1.png 250w, https:\/\/www.lichtenfels.at\/wp-content\/uploads\/2018\/09\/54-bg-brg-lichtenfels-schule-graz-gymnasium-realgymnasium-bildung-icons-1-60x60.png 60w\" sizes=\"(max-width: 150px) 100vw, 150px\" \/><img class=\"aligncenter wp-image-58548 size-thumbnail\" src=\"http:\/\/www.lichtenfels.at\/neu\/wp-content\/uploads\/2018\/09\/101-bg-brg-lichtenfels-schule-graz-gymnasium-realgymnasium-bildung-icons-1-150x150.png\" alt=\"\" width=\"150\" height=\"150\" srcset=\"https:\/\/www.lichtenfels.at\/wp-content\/uploads\/2018\/09\/101-bg-brg-lichtenfels-schule-graz-gymnasium-realgymnasium-bildung-icons-1-150x150.png 150w, https:\/\/www.lichtenfels.at\/wp-content\/uploads\/2018\/09\/101-bg-brg-lichtenfels-schule-graz-gymnasium-realgymnasium-bildung-icons-1.png 250w, https:\/\/www.lichtenfels.at\/wp-content\/uploads\/2018\/09\/101-bg-brg-lichtenfels-schule-graz-gymnasium-realgymnasium-bildung-icons-1-60x60.png 60w\" sizes=\"(max-width: 150px) 100vw, 150px\" \/><\/p>\n","protected":false},"excerpt":{"rendered":"<p>Bitte, danke, gern geschehen. Ein gro\u00dfes Schulgeb\u00e4ude, massenhaft neue LehrerInnen und eine Vielzahl ungewohnter Eindr\u00fccke erwarten unsere Neuank\u00f6mmlinge am BG\/BRG Lichtenfels. Da kommt es durchaus vor, dass man sich einmal\u2026 <a href=\"https:\/\/www.lichtenfels.at\/neu\/angebot\/projekte\/benimm-projekt\/\" class=\"read-more-link\">weiterlesen &rarr;<\/a><\/p>\n","protected":false},"author":5,"featured_media":0,"parent":19209,"menu_order":7,"comment_status":"closed","ping_status":"closed","template":"page-fullwidth.php","meta":[],"_links":{"self":[{"href":"https:\/\/www.lichtenfels.at\/neu\/wp-json\/wp\/v2\/pages\/101566"}],"collection":[{"href":"https:\/\/www.lichtenfels.at\/neu\/wp-json\/wp\/v2\/pages"}],"about":[{"href":"https:\/\/www.lichtenfels.at\/neu\/wp-json\/wp\/v2\/types\/page"}],"author":[{"embeddable":true,"href":"https:\/\/www.lichtenfels.at\/neu\/wp-json\/wp\/v2\/users\/5"}],"replies":[{"embeddable":true,"href":"https:\/\/www.lichtenfels.at\/neu\/wp-json\/wp\/v2\/comments?post=101566"}],"version-history":[{"count":11,"href":"https:\/\/www.lichtenfels.at\/neu\/wp-json\/wp\/v2\/pages\/101566\/revisions"}],"predecessor-version":[{"id":119569,"href":"https:\/\/www.lichtenfels.at\/neu\/wp-json\/wp\/v2\/pages\/101566\/revisions\/119569"}],"up":[{"embeddable":true,"href":"https:\/\/www.lichtenfels.at\/neu\/wp-json\/wp\/v2\/pages\/19209"}],"wp:attachment":[{"href":"https:\/\/www.lichtenfels.at\/neu\/wp-json\/wp\/v2\/media?parent=101566"}],"curies":[{"name":"wp","href":"https:\/\/api.w.org\/{rel}","templated":true}]}}