{"id":19075,"date":"2018-09-15T11:38:34","date_gmt":"2018-09-15T09:38:34","guid":{"rendered":"http:\/\/www.lichtenfels.at\/neu\/?page_id=19075"},"modified":"2020-12-15T22:27:58","modified_gmt":"2020-12-15T21:27:58","slug":"lehrangebot","status":"publish","type":"page","link":"https:\/\/www.lichtenfels.at\/neu\/angebot\/lehrangebot\/","title":{"rendered":"Lehrangebot"},"content":{"rendered":"<p>Das BG\/BRG Lichtenfels sieht sich als \u201eSchule der Vielfalt\u201c, die den Sch\u00fclerInnen durch ein breites F\u00e4cherspektrum eine uneingeschr\u00e4nkte Studienwahl erm\u00f6glicht.<\/p>\n<p>Nach der f\u00fcr alle Sch\u00fclerInnen einheitlichen Einstiegsphase in der 1. und 2. Klasse (mit dem schulautonomen Pflichtfach Informatik ab der 1. Klasse im Ausma\u00df einer Wochenstunde) bieten wir ab der 3. Klasse die beiden Schulformen Gymnasium und Realgymnasium an.<\/p>\n<p><a href=\"https:\/\/www.lichtenfels.at\/neu\/wp-content\/uploads\/2018\/10\/Bildungsangebot-Lichtenfels-BG-BRG-Graz-Klassen-Gymnasium-Realgymnasium-0.png\"><img fetchpriority=\"high\" class=\"aligncenter wp-image-153944 size-medium\" src=\"http:\/\/www.lichtenfels.at\/neu\/wp-content\/uploads\/2018\/10\/Bildungsangebot-Lichtenfels-BG-BRG-Graz-Klassen-Gymnasium-Realgymnasium-0-300x214.png\" alt=\"\" width=\"300\" height=\"214\" srcset=\"https:\/\/www.lichtenfels.at\/wp-content\/uploads\/2018\/10\/Bildungsangebot-Lichtenfels-BG-BRG-Graz-Klassen-Gymnasium-Realgymnasium-0-300x214.png 300w, https:\/\/www.lichtenfels.at\/wp-content\/uploads\/2018\/10\/Bildungsangebot-Lichtenfels-BG-BRG-Graz-Klassen-Gymnasium-Realgymnasium-0-768x547.png 768w, https:\/\/www.lichtenfels.at\/wp-content\/uploads\/2018\/10\/Bildungsangebot-Lichtenfels-BG-BRG-Graz-Klassen-Gymnasium-Realgymnasium-0-1024x729.png 1024w, https:\/\/www.lichtenfels.at\/wp-content\/uploads\/2018\/10\/Bildungsangebot-Lichtenfels-BG-BRG-Graz-Klassen-Gymnasium-Realgymnasium-0.png 1877w\" sizes=\"(max-width: 300px) 100vw, 300px\" \/><\/a><\/p>\n<p>Der gymnasiale Zweig ist in erster Linie sprachlich orientiert, was auch in der schulautonomen Schwerpunktsetzung seinen Niederschlag findet (siehe <a href=\"https:\/\/www.lichtenfels.at\/neu\/angebot\/lehrangebot\/stundentafeln\/\">Stundentafel<\/a>). Seit dem Schuljahr 2012\/13 l\u00e4uft an unserer Schule au\u00dferdem das Projekt &#8222;<a href=\"https:\/\/www.lichtenfels.at\/neu\/angebot\/lehrangebot\/englisch-als-arbeitssprache\/\" target=\"_blank\" rel=\"noopener noreferrer\">Englisch als Arbeitssprache<\/a>&#8220; in der 3. und 4. Klasse. In diesem Zweig besteht in der 3. Klasse die Wahlm\u00f6glichkeit zwischen Latein und Franz\u00f6sisch in der 2. Fremdsprache, in der 5. Klasse folgt dann die 3. Fremdsprache \u2013 je nach Wahl in der 3. Klasse kann zwischen Latein, Italienisch oder Franz\u00f6sisch gew\u00e4hlt werden.<\/p>\n<p>Im Realgymnasium wird das Hauptaugenmerk auf die mathematischen und naturwissenschaftlichen F\u00e4cher gelegt. Dies findet seinen Ausdruck in einer in diesen F\u00e4chern autonom verst\u00e4rkten\u00a0<a href=\"https:\/\/www.lichtenfels.at\/neu\/angebot\/lehrangebot\/stundentafeln\/\">Stundentafel<\/a>\u00a0\u2013 Geometrisch Zeichnen in der 3. Klasse, verbindliche naturwissenschaftliche \u00dcbungen in der 3. und 4. Klasse (NWU bzw. NWIS) und Darstellende Geometrie in der 7. Klasse. In der 5. Klasse beginnt im Realgymnasium die 2. Fremdsprache, wobei Latein, Italienisch und Franz\u00f6sisch zur Wahl stehen.<\/p>\n<p><img class=\"aligncenter\" src=\"http:\/\/www.lichtenfels.at\/neu\/wp-content\/uploads\/2018\/11\/bg-brg-lichtenfels-4-parts-corporation-schule-graz-2-1.jpg\" alt=\"\" usemap=\"#Map\" \/><\/p>\n<map id=\"Map\" name=\"Map\">\n<area title=\"Englisch als Arbeitssprache\" alt=\"\" coords=\"20,136,9,154,4,184,11,210,19,246,31,263,53,295,70,307,93,322,108,330,123,337,109,290,120,248,133,239,141,232,110,196,105,170,101,148,85,132,61,122,38,126\" shape=\"poly\" href=\"https:\/\/www.lichtenfels.at\/neu\/angebot\/lehrangebot\/englisch-als-arbeitssprache\/\" \/>\n<area title=\"Wahlpflichtf\u00e4cher\" alt=\"\" coords=\"143,256,135,264,127,293,130,314,144,335,164,341,189,344,240,332,275,312,298,291,320,260,338,230,290,240,263,235,241,219,236,210,215,233,173,240,154,247\" shape=\"poly\" href=\"https:\/\/www.lichtenfels.at\/neu\/wp-content\/uploads\/2018\/10\/Info-Wahlpflichtf%C3%A4cher.pdf\" target=\"_blank\" \/>\n<area title=\"Pflichtf\u00e4cher\" alt=\"\" coords=\"210,117,226,130,240,148,243,175,251,195,259,208,276,217,299,220,312,218,337,200,343,183,341,144,322,88,293,52,265,30,226,9,244,47,241,77,233,96\" shape=\"poly\" href=\"https:\/\/www.lichtenfels.at\/neu\/angebot\/lehrangebot\/stundentafeln\/\" \/>\n<area title=\"Unverbindliche \u00dcbungen\" alt=\"\" coords=\"11,122,28,88,49,64,65,42,91,26,112,16,150,4,170,3,192,6,213,19,227,47,221,80,209,97,181,106,142,115,117,139,102,122,79,110,52,104,32,107\" shape=\"poly\" href=\"https:\/\/www.lichtenfels.at\/neu\/angebot\/lehrangebot\/freigegenstaende\/\" \/> <\/map>\n<p>Eine Vielfalt an <a href=\"https:\/\/www.lichtenfels.at\/neu\/angebot\/lehrangebot\/freigegenstaende\/\">unverbindlichen \u00dcbungen<\/a>\u00a0und ab der 6. Klasse auch <a href=\"https:\/\/www.lichtenfels.at\/neu\/wp-content\/uploads\/2018\/10\/Info-Wahlpflichtf\u00e4cher.pdf\" target=\"blank\" rel=\"noopener noreferrer\">Wahlpflichtgegenst\u00e4nden<\/a>\u00a0rundet das Angebot ab und erm\u00f6glicht es den Sch\u00fclerInnen, eine weitere Fremdsprache (Spanisch) zu lernen, pers\u00f6nliche Interessen zu pflegen und zu vertiefen oder Zusatz-Qualifikationen f\u00fcr das anschlie\u00dfende Studium zu erwerben.<\/p>\n","protected":false},"excerpt":{"rendered":"<p>Das BG\/BRG Lichtenfels sieht sich als \u201eSchule der Vielfalt\u201c, die den Sch\u00fclerInnen durch ein breites F\u00e4cherspektrum eine uneingeschr\u00e4nkte Studienwahl erm\u00f6glicht. Nach der f\u00fcr alle Sch\u00fclerInnen einheitlichen Einstiegsphase in der 1.\u2026 <a href=\"https:\/\/www.lichtenfels.at\/neu\/angebot\/lehrangebot\/\" class=\"read-more-link\">weiterlesen &rarr;<\/a><\/p>\n","protected":false},"author":3,"featured_media":0,"parent":17615,"menu_order":0,"comment_status":"closed","ping_status":"closed","template":"page-fullwidth.php","meta":[],"_links":{"self":[{"href":"https:\/\/www.lichtenfels.at\/neu\/wp-json\/wp\/v2\/pages\/19075"}],"collection":[{"href":"https:\/\/www.lichtenfels.at\/neu\/wp-json\/wp\/v2\/pages"}],"about":[{"href":"https:\/\/www.lichtenfels.at\/neu\/wp-json\/wp\/v2\/types\/page"}],"author":[{"embeddable":true,"href":"https:\/\/www.lichtenfels.at\/neu\/wp-json\/wp\/v2\/users\/3"}],"replies":[{"embeddable":true,"href":"https:\/\/www.lichtenfels.at\/neu\/wp-json\/wp\/v2\/comments?post=19075"}],"version-history":[{"count":35,"href":"https:\/\/www.lichtenfels.at\/neu\/wp-json\/wp\/v2\/pages\/19075\/revisions"}],"predecessor-version":[{"id":548692,"href":"https:\/\/www.lichtenfels.at\/neu\/wp-json\/wp\/v2\/pages\/19075\/revisions\/548692"}],"up":[{"embeddable":true,"href":"https:\/\/www.lichtenfels.at\/neu\/wp-json\/wp\/v2\/pages\/17615"}],"wp:attachment":[{"href":"https:\/\/www.lichtenfels.at\/neu\/wp-json\/wp\/v2\/media?parent=19075"}],"curies":[{"name":"wp","href":"https:\/\/api.w.org\/{rel}","templated":true}]}}

<p>Das BG/BRG Lichtenfels sieht sich als „Schule der Vielfalt“, die den SchülerInnen durch ein breites Fächerspektrum eine uneingeschränkte Studienwahl ermöglicht.</p>
<p>Nach der für alle SchülerInnen einheitlichen Einstiegsphase in der 1. und 2. Klasse (mit dem schulautonomen Pflichtfach Informatik ab der 1. Klasse im Ausmaß einer Wochenstunde) bieten wir ab der 3. Klasse die beiden Schulformen Gymnasium und Realgymnasium an.</p>
<p><a href="https://www.lichtenfels.at/neu/wp-content/uploads/2018/10/Bildungsangebot-Lichtenfels-BG-BRG-Graz-Klassen-Gymnasium-Realgymnasium-0.png"><img fetchpriority="high" class="aligncenter wp-image-153944 size-medium" src="http://www.lichtenfels.at/neu/wp-content/uploads/2018/10/Bildungsangebot-Lichtenfels-BG-BRG-Graz-Klassen-Gymnasium-Realgymnasium-0-300x214.png" alt="" width="300" height="214" srcset="https://www.lichtenfels.at/wp-content/uploads/2018/10/Bildungsangebot-Lichtenfels-BG-BRG-Graz-Klassen-Gymnasium-Realgymnasium-0-300x214.png 300w, https://www.lichtenfels.at/wp-content/uploads/2018/10/Bildungsangebot-Lichtenfels-BG-BRG-Graz-Klassen-Gymnasium-Realgymnasium-0-768x547.png 768w, https://www.lichtenfels.at/wp-content/uploads/2018/10/Bildungsangebot-Lichtenfels-BG-BRG-Graz-Klassen-Gymnasium-Realgymnasium-0-1024x729.png 1024w, https://www.lichtenfels.at/wp-content/uploads/2018/10/Bildungsangebot-Lichtenfels-BG-BRG-Graz-Klassen-Gymnasium-Realgymnasium-0.png 1877w" sizes="(max-width: 300px) 100vw, 300px" /></a></p>
<p>Der gymnasiale Zweig ist in erster Linie sprachlich orientiert, was auch in der schulautonomen Schwerpunktsetzung seinen Niederschlag findet (siehe <a href="https://www.lichtenfels.at/neu/angebot/lehrangebot/stundentafeln/">Stundentafel</a>). Seit dem Schuljahr 2012/13 läuft an unserer Schule außerdem das Projekt &#8222;<a href="https://www.lichtenfels.at/neu/angebot/lehrangebot/englisch-als-arbeitssprache/" target="_blank" rel="noopener noreferrer">Englisch als Arbeitssprache</a>&#8220; in der 3. und 4. Klasse. In diesem Zweig besteht in der 3. Klasse die Wahlmöglichkeit zwischen Latein und Französisch in der 2. Fremdsprache, in der 5. Klasse folgt dann die 3. Fremdsprache – je nach Wahl in der 3. Klasse kann zwischen Latein, Italienisch oder Französisch gewählt werden.</p>
<p>Im Realgymnasium wird das Hauptaugenmerk auf die mathematischen und naturwissenschaftlichen Fächer gelegt. Dies findet seinen Ausdruck in einer in diesen Fächern autonom verstärkten <a href="https://www.lichtenfels.at/neu/angebot/lehrangebot/stundentafeln/">Stundentafel</a> – Geometrisch Zeichnen in der 3. Klasse, verbindliche naturwissenschaftliche Übungen in der 3. und 4. Klasse (NWU bzw. NWIS) und Darstellende Geometrie in der 7. Klasse. In der 5. Klasse beginnt im Realgymnasium die 2. Fremdsprache, wobei Latein, Italienisch und Französisch zur Wahl stehen.</p>
<p><img class="aligncenter" src="http://www.lichtenfels.at/neu/wp-content/uploads/2018/11/bg-brg-lichtenfels-4-parts-corporation-schule-graz-2-1.jpg" alt="" usemap="#Map" /></p>
<map id="Map" name="Map">
<area title="Englisch als Arbeitssprache" alt="" coords="20,136,9,154,4,184,11,210,19,246,31,263,53,295,70,307,93,322,108,330,123,337,109,290,120,248,133,239,141,232,110,196,105,170,101,148,85,132,61,122,38,126" shape="poly" href="https://www.lichtenfels.at/neu/angebot/lehrangebot/englisch-als-arbeitssprache/" />
<area title="Wahlpflichtfächer" alt="" coords="143,256,135,264,127,293,130,314,144,335,164,341,189,344,240,332,275,312,298,291,320,260,338,230,290,240,263,235,241,219,236,210,215,233,173,240,154,247" shape="poly" href="https://www.lichtenfels.at/neu/wp-content/uploads/2018/10/Info-Wahlpflichtf%C3%A4cher.pdf" target="_blank" />
<area title="Pflichtfächer" alt="" coords="210,117,226,130,240,148,243,175,251,195,259,208,276,217,299,220,312,218,337,200,343,183,341,144,322,88,293,52,265,30,226,9,244,47,241,77,233,96" shape="poly" href="https://www.lichtenfels.at/neu/angebot/lehrangebot/stundentafeln/" />
<area title="Unverbindliche Übungen" alt="" coords="11,122,28,88,49,64,65,42,91,26,112,16,150,4,170,3,192,6,213,19,227,47,221,80,209,97,181,106,142,115,117,139,102,122,79,110,52,104,32,107" shape="poly" href="https://www.lichtenfels.at/neu/angebot/lehrangebot/freigegenstaende/" /> </map>
<p>Eine Vielfalt an <a href="https://www.lichtenfels.at/neu/angebot/lehrangebot/freigegenstaende/">unverbindlichen Übungen</a> und ab der 6. Klasse auch <a href="https://www.lichtenfels.at/neu/wp-content/uploads/2018/10/Info-Wahlpflichtfächer.pdf" target="blank" rel="noopener noreferrer">Wahlpflichtgegenständen</a> rundet das Angebot ab und ermöglicht es den SchülerInnen, eine weitere Fremdsprache (Spanisch) zu lernen, persönliche Interessen zu pflegen und zu vertiefen oder Zusatz-Qualifikationen für das anschließende Studium zu erwerben.</p>

<p>Das BG/BRG Lichtenfels sieht sich als „Schule der Vielfalt“, die den SchülerInnen durch ein breites Fächerspektrum eine uneingeschränkte Studienwahl ermöglicht. Nach der für alle SchülerInnen einheitlichen Einstiegsphase in der 1.… <a href="https://www.lichtenfels.at/neu/angebot/lehrangebot/" class="read-more-link">weiterlesen &rarr;</a></p>
