{"id":19885,"date":"2018-09-15T11:45:02","date_gmt":"2018-09-15T09:45:02","guid":{"rendered":"http:\/\/www.lichtenfels.at\/neu\/?page_id=19885"},"modified":"2024-11-14T13:12:52","modified_gmt":"2024-11-14T12:12:52","slug":"verwaltung","status":"publish","type":"page","link":"https:\/\/www.lichtenfels.at\/neu\/team\/verwaltung\/","title":{"rendered":"Verwaltung"},"content":{"rendered":"<div class=\"one_fourth\">\n<div class=\"member\">\n<div class='member-img'><img src='http:\/\/www.lichtenfels.at\/neu\/wp-content\/uploads\/2018\/11\/71-MORAN-Claudia-1.jpg' \/><\/div>\n<h4>MORAN Claudia<\/h4>\n<div class=\"member-role\">Sekret\u00e4rin und<br \/>\nRechnungsf\u00fchrerin<\/div>\n<p><small>office@lichtenfels.at<\/small><\/p>\n<p><small>+43 5 0248 004 &#8211; 100<\/small><\/p>\n<\/div>\n<\/div>\n<div class=\"one_fourth\">\n<div class=\"member\">\n<div class='member-img'><img src='https:\/\/www.lichtenfels.at\/wp-content\/uploads\/2021\/06\/Lydia-Altenbacher.jpg' \/><\/div>\n<h4>Lydia Altenbacher<\/h4>\n<div class=\"member-role\">Sekret\u00e4rin<\/p>\n<p>&nbsp;<\/p>\n<\/div>\n<p><small>office@lichtenfels.at<\/small><\/p>\n<p><small>+43 5 0248 004 &#8211; 100<\/small>\n<\/div>\n<\/div>\n<div class=\"one_fourth\">\n<div class=\"member\">\n<div class='member-img'><img src='http:\/\/www.lichtenfels.at\/neu\/wp-content\/uploads\/2018\/09\/schreiner-pe.jpg' \/><\/div>\n<h4>SCHREINER Peter<\/h4>\n<div class=\"member-role\">Schulwart<\/div>\n<p>&nbsp;<\/p>\n<p><small>schreiner.peter@lichtenfels.at<\/small><\/p>\n<p>&nbsp;<\/p>\n<\/div>\n<\/div>\n<div class=\"one_fourth last\">\n<div class=\"member\">\n<div class='member-img'><img src='https:\/\/www.lichtenfels.at\/wp-content\/uploads\/2024\/11\/Wiener_Schulwart-scaled.jpg' \/><\/div>\n<h4>WIENER Ewald<\/h4>\n<div class=\"member-role\">Hausarbeiter<\/div>\n<p>&nbsp;<\/p>\n<p>&nbsp;<\/p>\n<p>&nbsp;<\/p>\n<\/div>\n<\/div>\n<div class=\"clear\"><\/div>\n<p>Parteienverkehr: 07:00 &#8211; 13:30 Uhr<\/p>\n","protected":false},"excerpt":{"rendered":"<p>MORAN Claudia Sekret\u00e4rin und Rechnungsf\u00fchrerin office@lichtenfels.at +43 5 0248 004 &#8211; 100 Lydia Altenbacher Sekret\u00e4rin &nbsp; office@lichtenfels.at +43 5 0248 004 &#8211; 100 SCHREINER Peter Schulwart &nbsp; schreiner.peter@lichtenfels.at &nbsp; WIENER\u2026 <a href=\"https:\/\/www.lichtenfels.at\/neu\/team\/verwaltung\/\" class=\"read-more-link\">weiterlesen &rarr;<\/a><\/p>\n","protected":false},"author":3,"featured_media":0,"parent":18022,"menu_order":1,"comment_status":"closed","ping_status":"closed","template":"page-fullwidth.php","meta":[],"_links":{"self":[{"href":"https:\/\/www.lichtenfels.at\/neu\/wp-json\/wp\/v2\/pages\/19885"}],"collection":[{"href":"https:\/\/www.lichtenfels.at\/neu\/wp-json\/wp\/v2\/pages"}],"about":[{"href":"https:\/\/www.lichtenfels.at\/neu\/wp-json\/wp\/v2\/types\/page"}],"author":[{"embeddable":true,"href":"https:\/\/www.lichtenfels.at\/neu\/wp-json\/wp\/v2\/users\/3"}],"replies":[{"embeddable":true,"href":"https:\/\/www.lichtenfels.at\/neu\/wp-json\/wp\/v2\/comments?post=19885"}],"version-history":[{"count":65,"href":"https:\/\/www.lichtenfels.at\/neu\/wp-json\/wp\/v2\/pages\/19885\/revisions"}],"predecessor-version":[{"id":942069,"href":"https:\/\/www.lichtenfels.at\/neu\/wp-json\/wp\/v2\/pages\/19885\/revisions\/942069"}],"up":[{"embeddable":true,"href":"https:\/\/www.lichtenfels.at\/neu\/wp-json\/wp\/v2\/pages\/18022"}],"wp:attachment":[{"href":"https:\/\/www.lichtenfels.at\/neu\/wp-json\/wp\/v2\/media?parent=19885"}],"curies":[{"name":"wp","href":"https:\/\/api.w.org\/{rel}","templated":true}]}}

<div class="one_fourth">
<div class="member">
<div class='member-img'><img src='http://www.lichtenfels.at/neu/wp-content/uploads/2018/11/71-MORAN-Claudia-1.jpg' /></div>
<h4>MORAN Claudia</h4>
<div class="member-role">Sekretärin und<br />
Rechnungsführerin</div>
<p><small>office@lichtenfels.at</small></p>
<p><small>+43 5 0248 004 &#8211; 100</small></p>
</div>
</div>
<div class="one_fourth">
<div class="member">
<div class='member-img'><img src='https://www.lichtenfels.at/wp-content/uploads/2021/06/Lydia-Altenbacher.jpg' /></div>
<h4>Lydia Altenbacher</h4>
<div class="member-role">Sekretärin</p>
<p>&nbsp;</p>
</div>
<p><small>office@lichtenfels.at</small></p>
<p><small>+43 5 0248 004 &#8211; 100</small>
</div>
</div>
<div class="one_fourth">
<div class="member">
<div class='member-img'><img src='http://www.lichtenfels.at/neu/wp-content/uploads/2018/09/schreiner-pe.jpg' /></div>
<h4>SCHREINER Peter</h4>
<div class="member-role">Schulwart</div>
<p>&nbsp;</p>
<p><small>schreiner.peter@lichtenfels.at</small></p>
<p>&nbsp;</p>
</div>
</div>
<div class="one_fourth last">
<div class="member">
<div class='member-img'><img src='https://www.lichtenfels.at/wp-content/uploads/2024/11/Wiener_Schulwart-scaled.jpg' /></div>
<h4>WIENER Ewald</h4>
<div class="member-role">Hausarbeiter</div>
<p>&nbsp;</p>
<p>&nbsp;</p>
<p>&nbsp;</p>
</div>
</div>
<div class="clear"></div>
<p>Parteienverkehr: 07:00 &#8211; 13:30 Uhr</p>

<p>MORAN Claudia Sekretärin und Rechnungsführerin office@lichtenfels.at +43 5 0248 004 &#8211; 100 Lydia Altenbacher Sekretärin &nbsp; office@lichtenfels.at +43 5 0248 004 &#8211; 100 SCHREINER Peter Schulwart &nbsp; schreiner.peter@lichtenfels.at &nbsp; WIENER… <a href="https://www.lichtenfels.at/neu/team/verwaltung/" class="read-more-link">weiterlesen &rarr;</a></p>
