{"id":21938,"date":"2018-09-15T11:58:49","date_gmt":"2018-09-15T09:58:49","guid":{"rendered":"http:\/\/www.lichtenfels.at\/neu\/?page_id=21938"},"modified":"2018-10-30T08:15:20","modified_gmt":"2018-10-30T07:15:20","slug":"anbindungen","status":"publish","type":"page","link":"https:\/\/www.lichtenfels.at\/neu\/kontakt\/anbindungen\/","title":{"rendered":"Anbindungen"},"content":{"rendered":"<h1>Direktverbindungen f\u00fcr unsere Sch\u00fclerinnen und Sch\u00fcler<\/h1>\n<p>&nbsp;<\/p>\n<p><strong><u>Stra\u00dfenbahnhaltestelle <em>Lichtenfelsgasse<\/em> <\/u><\/strong><u>(50m Fu\u00dfweg)<\/u><\/p>\n<ul>\n<li><strong><a href=\"http:\/\/www.holding-graz.at\/linien\/fahrplaene\/bim\/linie-1.html\">Linie1<\/a><\/strong><strong>:\u00a0<\/strong>Eggenberg \u2013 Mariatrost<\/li>\n<li><strong><a href=\"http:\/\/www.holding-graz.at\/linien\/fahrplaene\/bim\/linie-7.html\">Linie7<\/a><\/strong><strong>:\u00a0<\/strong>Wetzelsdorf \u2013 LKH\/Klinikum Nord\u00a0\u00a0\u00a0\u00a0 \u00a0Anbindung LKH: <strong><a href=\"https:\/\/www.holding-graz.at\/tickets\/fahrplaene\/bus\/linie-58.html\">Linie\u00a0 58<\/a>\u00a0 <\/strong>(Ragnitz)<\/li>\n<\/ul>\n<p><strong>BUSVERBINDUNGEN:<\/strong><\/p>\n<p><strong><u>Bushaltestelle <em>Glacis<\/em> <\/u><\/strong><u>(100m Fu\u00dfweg)<strong>:\u00a0<\/strong><\/u><\/p>\n<ul>\n<li><strong><a href=\"http:\/\/www.holding-graz.at\/tickets\/fahrplaene\/bus\/linie-31.html\">Linie 31:<\/a>\u00a0<\/strong>Webling &#8211; Don Bosco &#8211; Jakominiplatz \u2013 UNI \/ReSoWi<\/li>\n<li><a href=\"http:\/\/www.holding-graz.at\/linien\/fahrplaene\/bus\/linie-39.html\"><strong>Linie 39:\u00a0<\/strong><\/a>Wirtschaftskammer &#8211; Glacis &#8211;\u00a0 Urnenfriedhof (Triesterstra\u00dfe\/Kapellenstra\u00dfe)<\/li>\n<li><strong><a href=\"https:\/\/www.verbundlinie.at\/stream\/j17\/stv_98300m_j17.pdf\">Regionalbus 300:\u00a0<\/a><\/strong>Graz &#8211; Gleisdorf &#8211; Hartberg \u2013 Pinggau<\/li>\n<li><a href=\"https:\/\/www.verbundlinie.at\/stream\/j8x\/stv_21331__j8x.pdf\"><strong>Regionalbus 331:<\/strong><\/a>\u00a0Graz &#8211; Gleisdorf &#8211; Bad Waltersdorf (- Neudau)<\/li>\n<li><strong><u><a href=\"https:\/\/www.verbundlinie.at\/stream\/a7q\/stv_40420h_a7q.pdf\">Regionalbus 420:<\/a><\/u><\/strong>\u00a0Nestelbach \u2013 La\u00dfnitzh\u00f6he \u2013 H\u00f6nigtal &#8211; Kainbach \u2013 Ragnitz &#8211; Glacis<\/li>\n<\/ul>\n<p><strong><u>Bushaltestelle <em>Universit\u00e4t<\/em>:\u00a0<\/u><\/strong><\/p>\n<ul>\n<li><strong><a href=\"https:\/\/www.verbundlinie.at\/stream\/n19\/stv_40041m_n19.pdf\">Linie 41:\u00a0<\/a><\/strong>D\u00fcrrgrabenweg &#8211; Andritz &#8211; St. Leonhard\/LKH (Postbus)<\/li>\n<\/ul>\n<p><strong><u>Bushaltestelle <em>Universit\u00e4t\/Beethovenstra\u00dfe <\/em>bzw.<em> Merangasse<\/em>:<\/u><\/strong><\/p>\n<ul>\n<li><strong><a href=\"https:\/\/www.holding-graz.at\/graz-linien\/fahrplaene\/linie.html?p=september18_2&amp;l=63\">Linie 63<\/a>:<\/strong>\u00a0Hauptbahnhof &#8211; Geidorfplatz &#8211; Universit\u00e4t &#8211; Schulzentrum St. Peter<\/li>\n<li><strong><a href=\"https:\/\/www.holding-graz.at\/tickets\/fahrplaene\/bus\/linie-64.html\">Linie64\/64E:<\/a>\u00a0<\/strong>Stifting &#8211; St. Leonhard\/Klinikum Mitte Schulzentrum St. Peter &#8211; Liebenau &#8211; Puntigam Bahnhof<\/li>\n<li><a href=\"https:\/\/www.verbundlinie.at\/stream\/k8j\/stv_40250__k8j.pdf\"><strong>Regionalbus 250<\/strong><strong>:\u00a0<\/strong><\/a>Graz &#8211; St. Radegund &#8211; Stenzengreith \u2013 Plenzengreith<\/li>\n<li><strong><u><a href=\"https:\/\/www.verbundlinie.at\/stream\/j8x\/stv_40360__j8x.pdf\">Regionalbus 260<\/a><\/u><\/strong><u>:\u00a0<\/u>Graz &#8211; Fa\u00dflberg &#8211; Kumberg \u2013 Garrach<\/li>\n<li><a href=\"https:\/\/www.verbundlinie.at\/stream\/j18\/stv_40360__j18.pdf\"><strong>Regionalbus 360<\/strong><\/a>: Graz-Eggersdorf-Gleisdorf<\/li>\n<li><strong><u><a href=\"https:\/\/www.verbundlinie.at\/stream\/j18\/stv_40361__j18.pdf\">Regionalbus 361:<\/a><\/u><\/strong>\u00a0Graz-Edelsbach-Eggersdorf<\/li>\n<\/ul>\n<p><strong><u>Haltestelle <em>Jakominiplatz<\/em>\u00a0&#8211; <\/u><\/strong><u>weiter mit Linien 1 und 7<strong>\u00a0 <\/strong><\/u><\/p>\n<ul>\n<li><a href=\"http:\/\/www.holding-graz.at\/tickets\/fahrplaene\/bus\/linie-32.html\"><strong>Linie 32:\u00a0<\/strong><\/a>Seiersberg \u2013 Don Bosco \u2013 Jakominiplatz<\/li>\n<li><strong><a href=\"http:\/\/www.holding-graz.at\/tickets\/fahrplaene\/bus\/linie-34.html\">Linie 34:<\/a>\u00a0<\/strong>Thondorf \u2013 Murfeld \u2013 Kasernstra\u00dfe &#8211; Jakominiplatz<\/li>\n<li><a href=\"https:\/\/www.verbundlinie.at\/stream\/j18\/stv_09430__j18.pdf\"><strong>Watzke 430:<\/strong><\/a>\u00a0Graz\/Jakomini \u2013 Raaba \u2013 Autal \u2013 La\u00dfnitzh\u00f6he<\/li>\n<li><a href=\"https:\/\/www.verbundlinie.at\/stream\/j18\/stv_09431m_j18.pdf\"><strong>Watzke 431<\/strong>:<\/a>\u00a0Graz &#8211; Hausmannst\u00e4tten &#8211; Vasoldsberg &#8211; Premst\u00e4tten &#8211; Nestelbach bei Graz<\/li>\n<\/ul>\n<p><strong><u>Haltestelle <em>Dietrichsteinplatz<\/em>\u00a0&#8211; <\/u><\/strong><u>weiter mit Linien 1 und 7<\/u><\/p>\n<ul>\n<li><strong><a href=\"https:\/\/www.postbus.at\/de\/Fahrplanauskunft\/Fahrplandownload\/index.jsp?search=true&amp;land=STEIERMARK&amp;fahrplanabfrage=500\">Post 500:<\/a> <\/strong>Graz -Kirchbach<\/li>\n<\/ul>\n<p>&nbsp;<\/p>\n","protected":false},"excerpt":{"rendered":"<p>Direktverbindungen f\u00fcr unsere Sch\u00fclerinnen und Sch\u00fcler &nbsp; Stra\u00dfenbahnhaltestelle Lichtenfelsgasse (50m Fu\u00dfweg) Linie1:\u00a0Eggenberg \u2013 Mariatrost Linie7:\u00a0Wetzelsdorf \u2013 LKH\/Klinikum Nord\u00a0\u00a0\u00a0\u00a0 \u00a0Anbindung LKH: Linie\u00a0 58\u00a0 (Ragnitz) BUSVERBINDUNGEN: Bushaltestelle Glacis (100m Fu\u00dfweg):\u00a0 Linie 31:\u00a0Webling\u2026 <a href=\"https:\/\/www.lichtenfels.at\/neu\/kontakt\/anbindungen\/\" class=\"read-more-link\">weiterlesen &rarr;<\/a><\/p>\n","protected":false},"author":3,"featured_media":0,"parent":18219,"menu_order":1,"comment_status":"closed","ping_status":"closed","template":"page-fullwidth.php","meta":[],"_links":{"self":[{"href":"https:\/\/www.lichtenfels.at\/neu\/wp-json\/wp\/v2\/pages\/21938"}],"collection":[{"href":"https:\/\/www.lichtenfels.at\/neu\/wp-json\/wp\/v2\/pages"}],"about":[{"href":"https:\/\/www.lichtenfels.at\/neu\/wp-json\/wp\/v2\/types\/page"}],"author":[{"embeddable":true,"href":"https:\/\/www.lichtenfels.at\/neu\/wp-json\/wp\/v2\/users\/3"}],"replies":[{"embeddable":true,"href":"https:\/\/www.lichtenfels.at\/neu\/wp-json\/wp\/v2\/comments?post=21938"}],"version-history":[{"count":8,"href":"https:\/\/www.lichtenfels.at\/neu\/wp-json\/wp\/v2\/pages\/21938\/revisions"}],"predecessor-version":[{"id":155052,"href":"https:\/\/www.lichtenfels.at\/neu\/wp-json\/wp\/v2\/pages\/21938\/revisions\/155052"}],"up":[{"embeddable":true,"href":"https:\/\/www.lichtenfels.at\/neu\/wp-json\/wp\/v2\/pages\/18219"}],"wp:attachment":[{"href":"https:\/\/www.lichtenfels.at\/neu\/wp-json\/wp\/v2\/media?parent=21938"}],"curies":[{"name":"wp","href":"https:\/\/api.w.org\/{rel}","templated":true}]}}