{"id":62095,"date":"2018-09-27T15:42:58","date_gmt":"2018-09-27T13:42:58","guid":{"rendered":"http:\/\/www.lichtenfels.at\/neu\/?page_id=62095"},"modified":"2026-03-09T14:12:19","modified_gmt":"2026-03-09T13:12:19","slug":"begabungs-begabtenfoerderung","status":"publish","type":"page","link":"https:\/\/www.lichtenfels.at\/neu\/angebot\/begabungs-begabtenfoerderung\/","title":{"rendered":"Begabungs- &#038; Begabtenf\u00f6rderung"},"content":{"rendered":"\t\t<div data-elementor-type=\"wp-page\" data-elementor-id=\"62095\" class=\"elementor elementor-62095\">\n\t\t\t\t\t\t<section class=\"elementor-section elementor-top-section elementor-element elementor-element-3ca78e8d elementor-section-boxed elementor-section-height-default elementor-section-height-default\" data-id=\"3ca78e8d\" data-element_type=\"section\">\n\t\t\t\t\t\t<div class=\"elementor-container elementor-column-gap-default\">\n\t\t\t\t\t<div class=\"elementor-column elementor-col-100 elementor-top-column elementor-element elementor-element-7ef3a79c\" data-id=\"7ef3a79c\" data-element_type=\"column\">\n\t\t\t<div class=\"elementor-widget-wrap elementor-element-populated\">\n\t\t\t\t\t\t<div class=\"elementor-element elementor-element-a001bb elementor-widget elementor-widget-text-editor\" data-id=\"a001bb\" data-element_type=\"widget\" data-widget_type=\"text-editor.default\">\n\t\t\t\t<div class=\"elementor-widget-container\">\n\t\t\t<style>\/*! elementor - v3.23.0 - 05-08-2024 *\/\n.elementor-widget-text-editor.elementor-drop-cap-view-stacked .elementor-drop-cap{background-color:#69727d;color:#fff}.elementor-widget-text-editor.elementor-drop-cap-view-framed .elementor-drop-cap{color:#69727d;border:3px solid;background-color:transparent}.elementor-widget-text-editor:not(.elementor-drop-cap-view-default) .elementor-drop-cap{margin-top:8px}.elementor-widget-text-editor:not(.elementor-drop-cap-view-default) .elementor-drop-cap-letter{width:1em;height:1em}.elementor-widget-text-editor .elementor-drop-cap{float:left;text-align:center;line-height:1;font-size:50px}.elementor-widget-text-editor .elementor-drop-cap-letter{display:inline-block}<\/style>\t\t\t\t<h1>Begabungs- &amp; Begabtenf\u00f6rderung<\/h1>\n<p><!-- wp:columns --><\/p>\n<div class=\"wp-block-columns\">\n<p><!-- wp:column {\"width\":\"66.66%\"} --><\/p>\n<div class=\"wp-block-column\" style=\"flex-basis: 66.66%;\">\n<p><!-- wp:paragraph --><\/p>\n<p>In unserem Streben nach Exzellenz und individueller Entfaltung legen wir besonderen Fokus auf die Begabungsf\u00f6rderung. Unsere Schule verpflichtet sich, Sch\u00fcler:innen mit au\u00dfergew\u00f6hnlichen Talenten ein inspirierendes Umfeld zu bieten sowie die individuellen Begabungen aller Sch\u00fcler:innen zu erkennen und zu f\u00f6rdern.<\/p>\n<p><!-- \/wp:paragraph --><\/p>\n<\/div>\n<p><!-- \/wp:column --><\/p>\n<p><!-- wp:column {\"width\":\"33.33%\"} --><\/p>\n<div class=\"wp-block-column\" style=\"flex-basis: 33.33%;\">\n<p><!-- wp:buttons {\"layout\":{\"type\":\"flex\",\"justifyContent\":\"right\"}} --><\/p>\n<div class=\"wp-block-buttons\">\n<p><!-- wp:button {\"width\":50,\"style\":{\"border\":{\"radius\":\"100px\"}},\"fontSize\":\"small\"} --><\/p>\n<div class=\"wp-block-button has-custom-width wp-block-button__width-50 has-custom-font-size has-small-font-size\"><a class=\"wp-block-button__link\" style=\"border-radius: 100px;\" href=\"https:\/\/www.lichtenfels.at\/wp-content\/uploads\/2025\/06\/BBF-Newsletter_Fruehjahr_2025.pdf\" target=\"_blank\" rel=\"noreferrer noopener\">zum BBF-Newsletter<\/a><\/div>\n<p><!-- \/wp:button --><\/p>\n<\/div>\n<p><!-- \/wp:buttons --><\/p>\n<\/div>\n<p><!-- \/wp:column --><\/p>\n<\/div>\n<p><!-- \/wp:columns --><\/p>\n<p><!-- wp:columns --><\/p>\n<div class=\"wp-block-columns\">\n<p><!-- wp:column --><\/p>\n<div class=\"wp-block-column\">\n<p><!-- wp:heading {\"level\":4} --><\/p>\n<h4><strong>Identifikation von Begabungen<\/strong><\/h4>\n<p><!-- \/wp:heading --><\/p>\n<p><!-- wp:paragraph --><\/p>\n<p>Lehrkr\u00e4fte setzen auf vielf\u00e4ltige Methoden zur Identifikation von Begabungen, darunter regelm\u00e4\u00dfige Leistungsbeobachtung, standardisierte Tests und Empfehlungen aus Fachbereichen. Lehrende fungieren als Mentor:innen, die begabten Sch\u00fcler:innen individuelle Unterst\u00fctzung bieten und sie in ihrer pers\u00f6nlichen und akademischen Entwicklung begleiten.<\/p>\n<p><!-- \/wp:paragraph --><\/p>\n<p><!-- wp:heading {\"level\":4} --><\/p>\n<h4><strong>Differenzierung im Unterricht<\/strong><\/h4>\n<p><!-- \/wp:heading --><\/p>\n<p><!-- wp:paragraph --><\/p>\n<p>Lehrende passen den Unterricht an, um den unterschiedlichen Bed\u00fcrfnissen und Lerngeschwindigkeiten begabter Sch\u00fclerinnen und Sch\u00fcler gerecht zu werden, sei es durch zus\u00e4tzliche Materialien, vertiefte Aufgaben oder andere differenzierte Lehrmethoden.<\/p>\n<p><!-- \/wp:paragraph --><\/p>\n<p><!-- wp:heading {\"level\":4} --><\/p>\n<h4><strong>F\u00f6rderung von Selbstregulation<\/strong><\/h4>\n<p><!-- \/wp:heading --><\/p>\n<p><!-- wp:paragraph --><\/p>\n<p>Lehrende f\u00f6rdern die Selbstregulation begabter Sch\u00fcler:innen, indem sie ihnen helfen, ihre Lernziele zu definieren, Strategien zu Zeitmanagement zu entwickeln und ihre eigene Lernreise zu steuern.<\/p>\n<p><!-- \/wp:paragraph --><\/p>\n<p><!-- wp:heading {\"level\":4} --><\/p>\n<h4><strong>Flexibilit\u00e4t in der Arbeit mit dem Lehrplan<\/strong><\/h4>\n<p><!-- \/wp:heading --><\/p>\n<p><!-- wp:paragraph --><\/p>\n<p>Das Team ist flexibel bei der Anpassung des Lehrplans, um Raum f\u00fcr vertiefte Forschung, Projekte oder zus\u00e4tzliche Herausforderungen zu schaffen.<\/p>\n<p><!-- \/wp:paragraph --><\/p>\n<p><!-- wp:heading {\"level\":4} --><\/p>\n<h4><strong>Wettbewerbe <\/strong><\/h4>\n<p><!-- \/wp:heading --><\/p>\n<p><!-- wp:paragraph --><\/p>\n<p>Die aktive Teilnahme an nationalen und internationalen Wettbewerben stellt ein unverzichtbares Instrument der Begabungsf\u00f6rderung an unserer Schule dar. Im Wettbewerbsumfeld werden die Sch\u00fcler:innen motiviert ihre F\u00e4higkeiten zu entwickeln und ihr volles Potenzial zu entfalten.<\/p>\n<p><!-- \/wp:paragraph --><\/p>\n<\/div>\n<p><!-- \/wp:column --><\/p>\n<p><!-- wp:column --><\/p>\n<div class=\"wp-block-column\">\n<p><!-- wp:heading {\"level\":4} --><\/p>\n<h4><strong>Projekte und Praktika<\/strong><\/h4>\n<p><!-- \/wp:heading --><\/p>\n<p><!-- wp:paragraph --><\/p>\n<p>Die M\u00f6glichkeit, an Forschungsprojekten teilzunehmen oder Praktika in relevanten Institutionen zu absolvieren, erm\u00f6glicht begabten Sch\u00fcler:innen praxisnahe Erfahrungen und vertieftes Verst\u00e4ndnis in ihren Interessensbereichen, f\u00f6rdert das eigenst\u00e4ndige Forschen und kreative Denken.<\/p>\n<p><!-- \/wp:paragraph --><\/p>\n<p><!-- wp:heading {\"level\":4} --><\/p>\n<h4><strong>Interdisziplin\u00e4re Zusammenarbeit<\/strong><\/h4>\n<p><!-- \/wp:heading --><\/p>\n<p><!-- wp:paragraph --><\/p>\n<p>Die F\u00f6rderung von Zusammenarbeit zwischen verschiedenen Fachbereichen erm\u00f6glicht es den Sch\u00fcler:innen, ihre F\u00e4higkeiten in einem breiteren Kontext zu entwickeln und anzuwenden.<\/p>\n<p><!-- \/wp:paragraph --><\/p>\n<p><!-- wp:heading {\"level\":4} --><\/p>\n<h4><strong>Entwicklung und Austausch im Team<\/strong><\/h4>\n<p><!-- \/wp:heading --><\/p>\n<p><!-- wp:paragraph --><\/p>\n<p>Das Team der Lehrenden pflegt regelm\u00e4\u00dfigen Austausch, um bew\u00e4hrte Praktiken zu teilen, Herausforderungen zu besprechen und gemeinsam an neuen Ideen f\u00fcr die F\u00f6rderung von Begabungen zu arbeiten. Die Lehrenden besch\u00e4ftigen sich regelm\u00e4\u00dfig in Fortbildungen intensiv mit dem Bereich der Begabungs- und Begabtenf\u00f6rderung.<\/p>\n<p><!-- \/wp:paragraph --><\/p>\n<p><!-- wp:heading {\"level\":4} --><\/p>\n<h4><strong>Zusammenarbeit mit Fachexpert:innen\u00a0<\/strong><\/h4>\n<p><!-- \/wp:heading --><\/p>\n<p><!-- wp:paragraph --><\/p>\n<p>Das Lehrer:innenteam kooperiert mit externen Fachexpert:innen, um begabten Sch\u00fcler:innen und Einblicke in aktuelle Forschung und praktische Anwendungen in ihren Interessensbereichen zu erm\u00f6glichen.<\/p>\n<p><!-- \/wp:paragraph --><\/p>\n<\/div>\n<p><!-- \/wp:column --><\/p>\n<\/div>\n<p><!-- \/wp:columns --><\/p>\n<p><!-- wp:paragraph --><\/p>\n<p>Durch diese integrative Herangehensweise schafft das Team der Lehrenden eine unterst\u00fctzende Umgebung, die es den Sch\u00fcler:innen erm\u00f6glicht, ihr volles Potenzial zu entfalten.<\/p>\n<p>\u00a0<\/p>\n<p><!-- \/wp:paragraph --><\/p>\n<p><!-- wp:spacer \/--><\/p>\n<p><h1 class=\"title\"><span>Aktuelles<\/span><\/h1><\/p>\n<p><!-- wp:latest-posts {\"categories\":[{\"id\":88,\"count\":2,\"description\":\"\",\"link\":\"https:\/\/www.lichtenfels.at\/neu\/category\/bbf\/\",\"name\":\"BBF\",\"slug\":\"bbf\",\"taxonomy\":\"category\",\"parent\":0,\"meta\":[],\"_links\":{\"self\":[{\"href\":\"https:\/\/www.lichtenfels.at\/neu\/wp-json\/wp\/v2\/categories\/88\"}],\"collection\":[{\"href\":\"https:\/\/www.lichtenfels.at\/neu\/wp-json\/wp\/v2\/categories\"}],\"about\":[{\"href\":\"https:\/\/www.lichtenfels.at\/neu\/wp-json\/wp\/v2\/taxonomies\/category\"}],\"wp:post_type\":[{\"href\":\"https:\/\/www.lichtenfels.at\/neu\/wp-json\/wp\/v2\/posts?categories=88\"}],\"curies\":[{\"name\":\"wp\",\"href\":\"https:\/\/api.w.org\/{rel}\",\"templated\":true}]}}],\"postsToShow\":3,\"displayPostContent\":true} \/--><\/p>\n<p>\u00a0<\/p>\n<p><!-- wp:heading {\"level\":1} --><\/p>\n<p><h1 class=\"title\"><span>BBF-Newsletter<\/span><\/h1><\/p>\n<p>Unser BBF-Newsletter erscheint circa zweimal pro Semester und informiert die Schulgemeinschaft und Erfolge und interessante Angebote im Bereich der Begabungs- und Begabtenf\u00f6rderung.<\/p>\n<h1><!-- \/wp:heading --><\/h1>\n<p>\u00a0<\/p>\n<p><!-- wp:paragraph --><\/p>\n<p>Hier gelangen Sie zu den aktuellen und vergangen Ausgaben:<\/p>\n<h1><!-- \/wp:paragraph --><\/h1>\n<p>\u00a0<\/p>\n<p><!-- wp:image {\"align\":\"center\",\"id\":848328,\"linkDestination\":\"custom\"} --><\/p>\n<figure class=\"wp-block-image aligncenter\"><a href=\"https:\/\/www.lichtenfels.at\/neu\/begabungs-und-begabten-foerderung-bbf\/\" target=\"_blank\" rel=\"noopener\"><img fetchpriority=\"high\" width=\"700\" height=\"105\" class=\"wp-image-848328\" src=\"https:\/\/www.lichtenfels.at\/wp-content\/uploads\/2023\/12\/newsletter_banner_kl.png\" alt=\"\" srcset=\"https:\/\/www.lichtenfels.at\/wp-content\/uploads\/2023\/12\/newsletter_banner_kl.png 700w, https:\/\/www.lichtenfels.at\/wp-content\/uploads\/2023\/12\/newsletter_banner_kl-300x45.png 300w\" sizes=\"(max-width: 700px) 100vw, 700px\" \/><\/a><\/figure>\n<h1><!-- \/wp:image --><\/h1>\n<p>\u00a0<\/p>\n<p><!-- wp:spacer --><\/p>\n<p><!-- \/wp:spacer --><\/p>\n<p><!-- wp:heading {\"level\":4} --><\/p>\n<h4>\u00a0<\/h4>\n<p>\u00a0<\/p>\n<h4><h1 class=\"title\"><span>Das BBF-Team<\/span><\/h1><\/h4>\n<h4>Beratung und Unterst\u00fctzung<\/h4>\n<p><!-- \/wp:heading --><\/p>\n<p><!-- wp:paragraph --><\/p>\n<p>Ein engagiertes Team steht f\u00fcr individuelle Beratung bereit, um den optimalen Bildungsweg f\u00fcr unsere Sch\u00fcler:innen zu gestalten.<\/p>\n<p><!-- \/wp:paragraph --><\/p>\n<p><!-- wp:shortcode --><\/p>\n<p><div class=\"one_fourth\"> <span class=\"tooltips\"><a href=\"#\" rel=\"tooltip\" title=\"Biologie und Umweltkunde, Naturwissenschaftlicher Unterricht\"> <div class=\"member\"><div class='member-img'><img src='https:\/\/www.lichtenfels.at\/wp-content\/uploads\/2022\/12\/Denk-scaled.jpg' \/><\/div>\n      \t<h4>DENK Heidelinde<\/h4>\n      \t<div class=\"member-role\"> MMag.<\/div> &#8211;<\/p>\n<p class=\"k1\">denk.heidelinde@lichtenfels.at<\/p>\n<p><\/div> <\/a><\/span> <\/div><\/p>\n<p><!-- \/wp:shortcode --><\/p>\n<p><!-- wp:shortcode --><\/p>\n<p><div class=\"one_fourth\"> <span class=\"tooltips\"><a href=\"#\" rel=\"tooltip\" title=\"Latein, Franz\u00f6sisch\"> <div class=\"member\"><div class='member-img'><img src='https:\/\/www.lichtenfels.at\/wp-content\/uploads\/2023\/11\/Diwiak-scaled.jpg' \/><\/div>\n      \t<h4>DIWIAK Kathrin<\/h4>\n      \t<div class=\"member-role\"> Mag.<\/div> &#8211;<\/p>\n<p class=\"k1\">diwiak.kathrin@lichtenfels.at<\/p>\n<p><\/div> <\/a><\/span> <\/div><\/p>\n<p><!-- \/wp:shortcode --><\/p>\n<p><!-- wp:shortcode --><\/p>\n<p><!-- \/wp:shortcode --><\/p>\n<p><!-- wp:shortcode --><\/p>\n<p><div class=\"one_fourth\"> <span class=\"tooltips\"><a href=\"#\" rel=\"tooltip\" title=\"Deutsch, Philosophie &amp; Psychologie, Ethik\"> <div class=\"member\"><div class='member-img'><img src='http:\/\/www.lichtenfels.at\/neu\/wp-content\/uploads\/2018\/09\/kern.jpg' \/><\/div>\n      \t<h4>KERN Johannes <\/h4>\n      \t<div class=\"member-role\"> Mag.<\/div> &#8211;<\/p>\n<p class=\"k1\">kern.johannes@lichtenfels.at<\/p>\n<p><\/div> <\/a><\/span> <\/div><\/p>\n<p><!-- \/wp:shortcode --><\/p>\n<p><!-- wp:shortcode --><\/p>\n<p><!-- \/wp:shortcode --><\/p>\n<p><!-- wp:shortcode --><\/p>\n<p><div class=\"one_fourth last\"> <span class=\"tooltips\"><a href=\"#\" rel=\"tooltip\" title=\"Deutsch, Musik\"> <div class=\"member\"><div class='member-img'><img src='https:\/\/www.lichtenfels.at\/wp-content\/uploads\/2023\/11\/Leissenberger-scaled.jpg' \/><\/div>\n      \t<h4>LEISSENBERGER Evelyn<\/h4>\n      \t<div class=\"member-role\"> Mag.<\/div> &#8211;<\/p>\n<p class=\"k1\">leissenberger.evelyn @lichtenfels.at<\/p>\n<p><\/div> <\/a><\/span> <\/div><div class=\"clear\"><\/div><\/p>\n<p><!-- \/wp:shortcode --><\/p>\n<p><!-- wp:shortcode --><\/p>\n<p><div class=\"one_fourth\"> <span class=\"tooltips\"><a href=\"#\" rel=\"tooltip\" title=\"Englisch, Geschichte, Sozialkunde und Politische Bildung\"> <div class=\"member\"><div class='member-img'><img src='https:\/\/www.lichtenfels.at\/wp-content\/uploads\/2023\/11\/Loibner-scaled.jpg' \/><\/div>\n      \t<h4>LOIBNER-KAMPUS Doris<\/h4>\n      \t<div class=\"member-role\"> Mag.<\/div> &#8211;<\/p>\n<p class=\"k1\">loibner-kampus.doris@lichtenfels.at<\/p>\n<p><\/div> <\/a><\/span> <\/div><\/p>\n<p><!-- \/wp:shortcode --><\/p>\n<p><!-- wp:shortcode --><\/p>\n<p><div class=\"one_fourth\"> <span class=\"tooltips\"><a href=\"#\" rel=\"tooltip\" title=\"Franz\u00f6sisch, Bewegung und Sport\"> <div class=\"member\"><div class='member-img'><img src='https:\/\/www.lichtenfels.at\/wp-content\/uploads\/2021\/11\/Magg-scaled.jpg' \/><\/div>\n      \t<h4>MAGG Sabrina<\/h4>\n      \t<div class=\"member-role\"> Mag.<\/div> &#8211;<\/p>\n<p class=\"k1\">magg.sabrina@lichtenfels.at<\/p>\n<p><\/div> <\/a><\/span> <\/div><\/p>\n<p><!-- \/wp:shortcode --><\/p>\n<p><!-- wp:shortcode --><\/p>\n<p><div class=\"one_fourth\"> <span class=\"tooltips\"><a href=\"#\" rel=\"tooltip\" title=\"Chemie, Biologie und Umweltkunde, Naturwissenschaftlicher Unterricht Derzeit in Karenz\"> <div class=\"member\"><div class='member-img'><img src='http:\/\/www.lichtenfels.at\/neu\/wp-content\/uploads\/2018\/11\/39-MITTELBACH-Magdalena.jpg' \/><\/div>\n      \t<h4>MITTELBACH Magdalena<\/h4>\n      \t<div class=\"member-role\"> Mag.<\/div> &#8211;<\/p>\n<p class=\"k1\">mittelbach.magdalena @lichtenfels.at<\/p>\n<p><span style=\"color: var( --e-global-color-text );\">&#8211;<\/span><\/p>\n<p><span style=\"color: var( --e-global-color-text );\">derzeit in Karenz<\/span><\/p>\n<p><span style=\"color: var( --e-global-color-text );\">&#8211;<\/span><\/p>\n<p><\/div> <\/a><\/span> <\/div><\/p>\n<p><!-- \/wp:shortcode --><\/p>\n<p><!-- wp:shortcode --><\/p>\n<p><div class=\"one_fourth last\"> <span class=\"tooltips\"><a href=\"#\" rel=\"tooltip\" title=\"Englisch, Italienisch\"> <div class=\"member\"><div class='member-img'><img src='http:\/\/www.lichtenfels.at\/neu\/wp-content\/uploads\/2018\/09\/pfundner.jpg' \/><\/div>\n      \t<h4>M\u00dcLLER \n Lisa<\/h4>\n      \t<div class=\"member-role\"> Mag.<\/div> &#8211;<\/p>\n<p class=\"k1\">mueller.lisa@lichtenfels.at\u00a0<\/p>\n<p><span style=\"color: var( --e-global-color-text );\">&#8211;<\/span><\/p>\n<p><span style=\"color: var( --e-global-color-text );\">derzeit in Karenz<\/span><\/p>\n<p><span style=\"color: var( --e-global-color-text );\">&#8211;<\/span><\/p>\n<p><span style=\"color: var( --e-global-color-text );\">\u00a0<\/span><\/div>\u00a0<\/a><\/span> <\/div><div class=\"clear\"><\/div><\/p>\n<p><!-- \/wp:shortcode --><\/p>\n<p><!-- wp:shortcode --><\/p>\n<p><div class=\"one_fourth\"> <span class=\"tooltips\"><a href=\"#\" rel=\"tooltip\" title=\"Mathematik, Informatik\"> <div class=\"member\"><div class='member-img'><img src='https:\/\/www.lichtenfels.at\/wp-content\/uploads\/2023\/11\/Lendl-scaled.jpg' \/><\/div>\n      \t<h4>PINT \n Julia <\/h4>\n      \t<div class=\"member-role\"> Mag.<\/div> &#8211;<\/p>\n<p class=\"k1\">pint.julia@lichtenfels.at<\/p>\n<p><span style=\"color: var( --e-global-color-text );\">&#8211;<\/span><\/p>\n<p><span style=\"color: var( --e-global-color-text );\">derzeit in Karenz<\/span><\/p>\n<p><span style=\"color: var( --e-global-color-text );\">&#8211;<\/span><\/p>\n<p><\/div> <\/a><\/span> <\/div><\/p>\n<p><div class=\"one_fourth\"> <span class=\"tooltips\"><a href=\"#\" rel=\"tooltip\" title=\"Biologie und Umweltkunde, Chemie, Naturwissenschaftlicher Unterricht, Naturwissenschaftliche \u00dcbungen\"> <div class=\"member\"><div class='member-img'><img src='http:\/\/www.lichtenfels.at\/neu\/wp-content\/uploads\/2018\/11\/48-PISU-Sandra.jpg' \/><\/div>\n      \t<h4>PISU \n Sandra<\/h4>\n      \t<div class=\"member-role\"> Mag. BEd<\/div> &#8211;<\/p>\n<p class=\"k1\">pisu.sandra@lichtenfels.at<\/p>\n<p><\/div> <\/a><\/span> <\/div><\/p>\n<p><!-- \/wp:shortcode --><\/p>\n<p><!-- wp:shortcode --><\/p>\n<p><div class=\"one_fourth\"> <span class=\"tooltips\"><a href=\"#\" rel=\"tooltip\" title=\"Englisch, Bewegung und Sport\"> <div class=\"member\"><div class='member-img'><img src='https:\/\/www.lichtenfels.at\/wp-content\/uploads\/2023\/11\/Truppe-scaled.jpg' \/><\/div>\n      \t<h4>TRUPPE-BUGRAM Daniel<\/h4>\n      \t<div class=\"member-role\"> Mag.<\/div> &#8211;<\/p>\n<p class=\"k1\">truppe.daniel@lichtenfels.at<\/p>\n<p><\/div> <\/a><\/span> <\/div><\/p>\n<p><!-- \/wp:shortcode --><\/p>\n<p><!-- wp:shortcode --><\/p>\n<p><!-- \/wp:shortcode --><\/p>\n<p><!-- wp:shortcode --><\/p>\n<p><!-- \/wp:shortcode --><\/p>\n<p><!-- wp:shortcode --><\/p>\n<p><div class=\"one_fourth last\"> <\/div><div class=\"clear\"><\/div><\/p>\n<p><!-- \/wp:shortcode --><\/p>\n<p><!-- wp:paragraph --><\/p>\n<p>Zus\u00e4tzlich zu den bereits genannten Punkten bieten wir individuell auch weiterte klassische Methoden der Begabungs- und Begabtenf\u00f6rderung an.<\/p>\n<p><!-- \/wp:paragraph --><\/p>\n<p><!-- wp:columns --><\/p>\n<div class=\"wp-block-columns\">\n<p><!-- wp:column --><\/p>\n<div class=\"wp-block-column\">\n<p><!-- wp:list --><\/p>\n<ul>\n<li>\n<h4><strong>Differenzierung und Individualisierung\/Personalisierung<\/strong><\/h4>\n<p>Dies bezieht sich darauf, wie Lehr- und Lernprozesse angepasst werden, um den unterschiedlichen Bed\u00fcrfnissen, F\u00e4higkeiten und Interessen der Sch\u00fcler:innen gerecht zu werden.<\/p>\n<\/li>\n<li>\n<h4><strong>Enrichment<br \/><\/strong><\/h4>\n<p>Enrichment beinhaltet die Bereitstellung von zus\u00e4tzlichen oder vertieften Lernm\u00f6glichkeiten, um Sch\u00fcler:innen die Chance zu geben, ihr Wissen und ihre F\u00e4higkeiten \u00fcber den regul\u00e4ren Lehrplan hinaus zu erweitern.<\/p>\n<\/li>\n<li><strong style=\"color: revert; font-size: revert;\">Akzeleration<\/strong>\n<p>Akzeleration bezieht sich auf die Beschleunigung des Lernprozesses f\u00fcr Sch\u00fcler:innen, die bereits \u00fcber fortgeschrittene Kenntnisse oder F\u00e4higkeiten in einem bestimmten Bereich verf\u00fcgen, indem sie auf h\u00f6here Klassenstufen oder anspruchsvollere Inhalte vorr\u00fccken.<\/p>\n<\/li>\n<\/ul>\n<p><!-- \/wp:list --><\/p>\n<\/div>\n<p><!-- \/wp:column --><\/p>\n<p><!-- wp:column --><\/p>\n<div class=\"wp-block-column\">\n<p><!-- wp:list --><\/p>\n<ul id=\"block-a41fd085-f856-46f0-9a64-4197997fbe8d\">\n<li>\n<h4><strong><strong>Curriculum Compacting<\/strong><\/strong><\/h4>\n<p>Curriculum Compacting ist eine Methode, bei der Sch\u00fcler:innen die M\u00f6glichkeit haben, bereits beherrschte Inhalte zu \u00fcberspringen oder zu verk\u00fcrzen, um mehr Zeit f\u00fcr die Auseinandersetzung mit neuen oder fortgeschrittenen Inhalten zu gewinnen.<\/p>\n<\/li>\n<li>\n<h4><strong><strong>Contracting<\/strong> <\/strong><\/h4>\n<p>Contracting beinhaltet die Erstellung individueller Lernvereinbarungen zwischen Lehrer:innen und Sch\u00fcler:innen, um klare Ziele, Erwartungen und Belohnungen f\u00fcr den Lernprozess festzulegen und zu verfolgen.<\/p>\n<\/li>\n<\/ul>\n<p><!-- \/wp:list --><\/p>\n<\/div>\n<p><!-- \/wp:column --><\/p>\n<\/div>\n<p><!-- \/wp:columns --><\/p>\n<p><!-- wp:paragraph --><\/p>\n<p>Bei weiteren Fragen stehen wir gerne zur Verf\u00fcgung!<\/p>\n<p>\u00a0<\/p>\n<p>\u00a0<\/p>\n<p><!-- \/wp:paragraph --><\/p>\n<p><!-- wp:spacer \/--><\/p>\n<p><!-- wp:heading {\"level\":1} \/--><\/p>\n<p><!-- wp:paragraph --><\/p>\n<p>\u00a0<\/p>\n<p><!-- \/wp:paragraph --><\/p>\n<p><!-- wp:heading {\"level\":1} --><\/p>\n<h4><h1 class=\"title\"><span>Partner:innen und Auszeichnungen<\/span><\/h1><\/h4>\n<p><!-- \/wp:heading --><\/p>\n<p><!-- wp:shortcode --><\/p>\n<p><div class=\"one_sixth\"><span class=\"responsive\"><span class=\"tooltips\"><a href=\"#\" rel=\"tooltip\" title=\"Kinderuni Graz\"><a href=\"https:\/\/www.kinderunigraz.at\/\" target=\"_blank\" rel=\"noopener\"><img class=\"alignnone size-full wp-image-10556\" src=\"https:\/\/www.lichtenfels.at\/wp-content\/uploads\/2018\/09\/kinderuni-graz-bg-brg-lichtenfels-schule-gymnasium-1.png\" alt=\"\" width=\"247\" height=\"158\" \/><\/a><\/a><\/span><\/span><\/div><\/p>\n<p><!-- \/wp:shortcode --><\/p>\n<p><!-- wp:shortcode --><\/p>\n<p><div class=\"one_sixth\"><span class=\"responsive\"><span class=\"tooltips\"><a href=\"#\" rel=\"tooltip\" title=\"FH Joanneum\"><a href=\"https:\/\/www.fh-joanneum.at\/\" target=\"_blank\" rel=\"noopener\"><img class=\"alignnone size-full wp-image-250696\" src=\"https:\/\/www.lichtenfels.at\/wp-content\/uploads\/2019\/01\/logo_fh_joanneum_klein.png\" alt=\"\" width=\"850\" height=\"277\" srcset=\"https:\/\/www.lichtenfels.at\/wp-content\/uploads\/2019\/01\/logo_fh_joanneum_klein.png 850w, https:\/\/www.lichtenfels.at\/wp-content\/uploads\/2019\/01\/logo_fh_joanneum_klein-300x98.png 300w, https:\/\/www.lichtenfels.at\/wp-content\/uploads\/2019\/01\/logo_fh_joanneum_klein-768x250.png 768w\" sizes=\"(max-width: 850px) 100vw, 850px\" \/><\/a><\/a><\/span><\/span><\/div><\/p>\n<p><!-- \/wp:shortcode --><\/p>\n<p><!-- wp:shortcode --><\/p>\n<p><div class=\"one_sixth\"><span class=\"responsive\"><span class=\"tooltips\"><a href=\"#\" rel=\"tooltip\" title=\"TU Graz\"><a href=\"https:\/\/www.tugraz.at\/home\/\" target=\"_blank\" rel=\"noopener noreferrer\"><img class=\"aligncenter size-medium wp-image-99\" src=\"https:\/\/www.lichtenfels.at\/wp-content\/uploads\/2022\/01\/TuGraz.png\" alt=\"logo4\" height=\"50px\" \/><\/a><\/a><\/span><\/span><\/div><\/p>\n<p><!-- \/wp:shortcode --><\/p>\n<p>\u00a0<\/p>\n<p><!-- wp:shortcode --><\/p>\n<p><div class=\"one_sixth\"><span class=\"responsive\"><span class=\"tooltips\"><a href=\"#\" rel=\"tooltip\" title=\"Begabungssiegel\"><img loading=\"lazy\" class=\"aligncenter size-full wp-image-873346\" src=\"https:\/\/www.lichtenfels.at\/wp-content\/uploads\/2024\/04\/SiegelBBF_SW.jpg\" alt=\"\" width=\"1140\" height=\"655\" srcset=\"https:\/\/www.lichtenfels.at\/wp-content\/uploads\/2024\/04\/SiegelBBF_SW.jpg 1140w, https:\/\/www.lichtenfels.at\/wp-content\/uploads\/2024\/04\/SiegelBBF_SW-300x172.jpg 300w, https:\/\/www.lichtenfels.at\/wp-content\/uploads\/2024\/04\/SiegelBBF_SW-1024x588.jpg 1024w, https:\/\/www.lichtenfels.at\/wp-content\/uploads\/2024\/04\/SiegelBBF_SW-768x441.jpg 768w\" sizes=\"(max-width: 1140px) 100vw, 1140px\" \/><\/a><\/span><\/span><\/div><\/p>\n<p><!-- \/wp:shortcode --><\/p>\n<p><!-- wp:shortcode --><\/p>\n<p><div class=\"one_sixth\"><a href=\"https:\/\/www.mintschule.at\" target=\"_blank\" rel=\"noopener\"><img loading=\"lazy\" class=\"alignnone size-large wp-image-962999\" src=\"https:\/\/www.lichtenfels.at\/wp-content\/uploads\/2025\/01\/mint-guetesiegel_2024-2027-1-1024x490.jpg\" alt=\"\" width=\"960\" height=\"459\" srcset=\"https:\/\/www.lichtenfels.at\/wp-content\/uploads\/2025\/01\/mint-guetesiegel_2024-2027-1-1024x490.jpg 1024w, https:\/\/www.lichtenfels.at\/wp-content\/uploads\/2025\/01\/mint-guetesiegel_2024-2027-1-300x143.jpg 300w, https:\/\/www.lichtenfels.at\/wp-content\/uploads\/2025\/01\/mint-guetesiegel_2024-2027-1-768x367.jpg 768w, https:\/\/www.lichtenfels.at\/wp-content\/uploads\/2025\/01\/mint-guetesiegel_2024-2027-1.jpg 1359w\" sizes=\"(max-width: 960px) 100vw, 960px\" \/><\/a><\/div><\/p>\n<p><div class=\"one_sixth last\"><a href=\"https:\/\/dinama.uni-graz.at\/de\/schule\/\" target=\"_blank\" rel=\"noopener\"><img loading=\"lazy\" class=\"alignnone size-full wp-image-963262\" src=\"https:\/\/www.lichtenfels.at\/wp-content\/uploads\/2025\/01\/DINAMA_sw.png\" alt=\"\" width=\"520\" height=\"368\" srcset=\"https:\/\/www.lichtenfels.at\/wp-content\/uploads\/2025\/01\/DINAMA_sw.png 520w, https:\/\/www.lichtenfels.at\/wp-content\/uploads\/2025\/01\/DINAMA_sw-300x212.png 300w\" sizes=\"(max-width: 520px) 100vw, 520px\" \/><\/a><\/div><div class=\"clear\"><\/div><\/p>\n<p><!-- \/wp:shortcode --><\/p>\t\t\t\t\t\t<\/div>\n\t\t\t\t<\/div>\n\t\t\t\t\t<\/div>\n\t\t<\/div>\n\t\t\t\t\t<\/div>\n\t\t<\/section>\n\t\t\t\t<\/div>\n\t\t","protected":false},"excerpt":{"rendered":"<p>Begabungs- &amp; Begabtenf\u00f6rderung In unserem Streben nach Exzellenz und individueller Entfaltung legen wir besonderen Fokus auf die Begabungsf\u00f6rderung. Unsere Schule verpflichtet sich, Sch\u00fcler:innen mit au\u00dfergew\u00f6hnlichen Talenten ein inspirierendes Umfeld zu\u2026 <a href=\"https:\/\/www.lichtenfels.at\/neu\/angebot\/begabungs-begabtenfoerderung\/\" class=\"read-more-link\">weiterlesen &rarr;<\/a><\/p>\n","protected":false},"author":3,"featured_media":0,"parent":17615,"menu_order":6,"comment_status":"closed","ping_status":"closed","template":"page-fullwidth.php","meta":[],"_links":{"self":[{"href":"https:\/\/www.lichtenfels.at\/neu\/wp-json\/wp\/v2\/pages\/62095"}],"collection":[{"href":"https:\/\/www.lichtenfels.at\/neu\/wp-json\/wp\/v2\/pages"}],"about":[{"href":"https:\/\/www.lichtenfels.at\/neu\/wp-json\/wp\/v2\/types\/page"}],"author":[{"embeddable":true,"href":"https:\/\/www.lichtenfels.at\/neu\/wp-json\/wp\/v2\/users\/3"}],"replies":[{"embeddable":true,"href":"https:\/\/www.lichtenfels.at\/neu\/wp-json\/wp\/v2\/comments?post=62095"}],"version-history":[{"count":102,"href":"https:\/\/www.lichtenfels.at\/neu\/wp-json\/wp\/v2\/pages\/62095\/revisions"}],"predecessor-version":[{"id":1123016,"href":"https:\/\/www.lichtenfels.at\/neu\/wp-json\/wp\/v2\/pages\/62095\/revisions\/1123016"}],"up":[{"embeddable":true,"href":"https:\/\/www.lichtenfels.at\/neu\/wp-json\/wp\/v2\/pages\/17615"}],"wp:attachment":[{"href":"https:\/\/www.lichtenfels.at\/neu\/wp-json\/wp\/v2\/media?parent=62095"}],"curies":[{"name":"wp","href":"https:\/\/api.w.org\/{rel}","templated":true}]}}