{"id":70316,"date":"2018-09-27T16:24:15","date_gmt":"2018-09-27T14:24:15","guid":{"rendered":"http:\/\/www.lichtenfels.at\/neu\/?page_id=70316"},"modified":"2018-10-12T14:47:29","modified_gmt":"2018-10-12T12:47:29","slug":"jausenfuehrerschein","status":"publish","type":"page","link":"https:\/\/www.lichtenfels.at\/neu\/angebot\/projekte\/jausenfuehrerschein\/","title":{"rendered":"Jausenf\u00fchrerschein"},"content":{"rendered":"<h1 style=\"text-align: left;\"><strong>Trink- und Jausenf\u00fchrerschein<\/strong><\/h1>\n<p><strong>\u00a0<\/strong><\/p>\n<p>Sch\u00fclerInnen verbringen fast die H\u00e4lfte des Tages in der Schule. Eine ausgewogene Ern\u00e4hrung in diesem Zeitraum ist daher unerl\u00e4sslich.<\/p>\n<p>Mit dem Projekt \u201eTrink- und Jausenf\u00fchrerschein\u201c (mit freundlicher Unterst\u00fctzung von <em>SIPCAN \u2013 Initiative f\u00fcr ein gesundes Leben<\/em>) lernen die Sch\u00fclerInnen der ersten Klassen vor allem eine Grundregel, die schon Paracelsius erkannte: \u201eDie Dosis macht das Gift\u201c.<\/p>\n<p>Von gutem und schlechtem Zucker, versteckten Fetten, einer Pyramide aus Lebensmitteln, \u00fcber die \u201e5 am Tag \u2013 Regel\u201c, bis hin zur schmerzlichen Erfahrung, dass 18 St\u00fcck Zucker im Wasser anders schmecken als in Cola, erarbeiten die Sch\u00fclerinnen und Sch\u00fcler die Grundpfeiler einer wertvollen Schuljause.<\/p>\n<p>Das Projekt bietet den Sch\u00fclerInnen die M\u00f6glichkeit, ihr eigenes Jausenverhalten zu reflektieren und mit dem n\u00f6tigen Know-how \u00fcber Jausen-Bausteine, unterschiedliche Lebensmittel nach ihrer \u201eJausen-St\u00e4rke\u201c zu bewerten.\u00a0 Die \u201eF\u00fchrerscheinpr\u00fcfung\u201c am Ende des Projektes verleiht den Sch\u00fclerinnen und Sch\u00fclern die Lizenz zum \u201esmarten Jausnen\u201c.<\/p>\n<p>&nbsp;<\/p>\n<h4>Projektdurchf\u00fchrung: 1. Klassen<\/h4>\n<h4>Projektausma\u00df: 6 Unterrichtsstunden<\/h4>\n<h4>Ansprechpersonen: Mag. Sandra Pisu, Mag. Julia Lammer<\/h4>\n<p>&nbsp;<\/p>\n<div class=\"one_fourth\">\n<div class=\"member\">\n<div class='member-img'><img src='http:\/\/lichtenfels.at\/neu\/wp-content\/uploads\/2018\/09\/pisu.jpg' \/><\/div>\n<h4>PISU Sandra<\/h4>\n<div class=\"member-role\">(PS)<br \/>\nMag.<\/div>\n<p class=\"k1\">pisu.sandra@lichtenfels.at<\/p>\n<p class=\"k1\">\n<\/div>\n<\/div>\n<div class=\"one_fourth\">\n<div class=\"member\">\n<div class='member-img'><img src='http:\/\/www.lichtenfels.at\/neu\/wp-content\/uploads\/2018\/09\/lammer.jpg' \/><\/div>\n<h4>LAMMER Julia<\/h4>\n<div class=\"member-role\">(LJ)<br \/>\nMag.<\/div>\n<p class=\"k1\">lammer.julia@lichtenfels.at<\/p>\n<\/div>\n<\/div>\n","protected":false},"excerpt":{"rendered":"<p>Trink- und Jausenf\u00fchrerschein \u00a0 Sch\u00fclerInnen verbringen fast die H\u00e4lfte des Tages in der Schule. Eine ausgewogene Ern\u00e4hrung in diesem Zeitraum ist daher unerl\u00e4sslich. Mit dem Projekt \u201eTrink- und Jausenf\u00fchrerschein\u201c (mit\u2026 <a href=\"https:\/\/www.lichtenfels.at\/neu\/angebot\/projekte\/jausenfuehrerschein\/\" class=\"read-more-link\">weiterlesen &rarr;<\/a><\/p>\n","protected":false},"author":5,"featured_media":0,"parent":19209,"menu_order":4,"comment_status":"closed","ping_status":"closed","template":"page-fullwidth.php","meta":[],"_links":{"self":[{"href":"https:\/\/www.lichtenfels.at\/neu\/wp-json\/wp\/v2\/pages\/70316"}],"collection":[{"href":"https:\/\/www.lichtenfels.at\/neu\/wp-json\/wp\/v2\/pages"}],"about":[{"href":"https:\/\/www.lichtenfels.at\/neu\/wp-json\/wp\/v2\/types\/page"}],"author":[{"embeddable":true,"href":"https:\/\/www.lichtenfels.at\/neu\/wp-json\/wp\/v2\/users\/5"}],"replies":[{"embeddable":true,"href":"https:\/\/www.lichtenfels.at\/neu\/wp-json\/wp\/v2\/comments?post=70316"}],"version-history":[{"count":16,"href":"https:\/\/www.lichtenfels.at\/neu\/wp-json\/wp\/v2\/pages\/70316\/revisions"}],"predecessor-version":[{"id":121849,"href":"https:\/\/www.lichtenfels.at\/neu\/wp-json\/wp\/v2\/pages\/70316\/revisions\/121849"}],"up":[{"embeddable":true,"href":"https:\/\/www.lichtenfels.at\/neu\/wp-json\/wp\/v2\/pages\/19209"}],"wp:attachment":[{"href":"https:\/\/www.lichtenfels.at\/neu\/wp-json\/wp\/v2\/media?parent=70316"}],"curies":[{"name":"wp","href":"https:\/\/api.w.org\/{rel}","templated":true}]}}