{"id":851554,"date":"2024-01-24T08:03:50","date_gmt":"2024-01-24T07:03:50","guid":{"rendered":"https:\/\/www.lichtenfels.at\/neu\/?page_id=851554"},"modified":"2026-01-21T07:31:47","modified_gmt":"2026-01-21T06:31:47","slug":"schulanmeldung-26-27","status":"publish","type":"page","link":"https:\/\/www.lichtenfels.at\/neu\/schulanmeldung-26-27\/","title":{"rendered":"Schulanmeldung &#8211; 2026\/27"},"content":{"rendered":"<p>Anmeldung f\u00fcr die 1. Klasse an unserer Schule<br \/>\nSchuljahr 2026\/27 \u2013 Anmeldezeitraum: 23.02. \u2013 06.03.2026<\/p>\n<p><a href=\"https:\/\/www.lichtenfels.at\/wp-content\/uploads\/2026\/01\/Info-zur-Anmeldung-2026-27.pdf\" target=\"_blank\" rel=\"noopener\"><strong>&gt;&gt; Gesamte Seite als pdf-Datei herunterladen<\/strong><\/a><\/p>\n<h1 class=\"title\"><span>Aufnahmekriterien<\/span><\/h1>\n<p>Wir bem\u00fchen uns, alle bei uns erstangemeldeten AHS-reifen Kinder (keine schlechtere Beurteilung als \u201eGut\u201c in Deutsch und Mathematik) aufzunehmen.<\/p>\n<p>Sollten zu viele Anmeldungen vorliegen, werden folgende Kriterien f\u00fcr die Aufnahme ber\u00fccksichtigt:<\/p>\n<ul>\n<li>Geschwister am Lichtenfels<\/li>\n<li>Wohnortn\u00e4he bzw. Erreichbarkeit unserer Schule f\u00fcr die\/den Sch\u00fcler:in<\/li>\n<li>Individuelle Gegebenheiten (Arbeitsplatz der Mutter\/des Vaters in Schuln\u00e4he, au\u00dferschulische Aktivit\u00e4ten)<\/li>\n<li>Schulische Leistungen (Semesterzeugnis 4. Klasse Volksschule)<\/li>\n<\/ul>\n<p>Den Wunsch, mit einem Freund\/einer Freundin gemeinsam in einer Klasse zu sein, versuchen wir selbstverst\u00e4ndlich zu erf\u00fcllen.<br \/>\nWir bitten um Verst\u00e4ndnis, dass bei der Klasseneinteilung keine Mehrfachw\u00fcnsche ber\u00fccksichtigt werden.<\/p>\n<h2 class=\"title\"><span>Zur Anmeldung sind folgende Unterlagen mitzubringen:<\/span><\/h2>\n<ul>\n<li>Geburtsurkunde (original)<\/li>\n<li>Staatsb\u00fcrgerschaftsnachweis oder Reisepass (original)<\/li>\n<li>Meldezettel (Original + Kopie f\u00fcr die Schule)<\/li>\n<li>E-Card<\/li>\n<li>Vollst\u00e4ndig ausgef\u00fclltes Anmeldeblatt mit Datenschutz-Einverst\u00e4ndniserkl\u00e4rung<br \/>\n<a href=\"https:\/\/www.lichtenfels.at\/wp-content\/uploads\/2026\/01\/Anmeldeformular_K1_2026-27.pdf\" target=\"_blank\" rel=\"noopener\"><strong><em>&gt;&gt; Anmeldeblatt herunterladen<\/em><\/strong><\/a><\/li>\n<li>Jahreszeugnis 3. Klasse (Kopie)<\/li>\n<li>Schulnachricht 4. Klasse (Original und Kopie f\u00fcr die Schule)<\/li>\n<li>eventuell Vormundschaftsbestellungsdekret<\/li>\n<\/ul>\n<p>Sollten Sie Ihr Kind f\u00fcr die Schulische Tagesbetreuung anmelden wollen, finden Sie <a href=\"https:\/\/www.lichtenfels.at\/wp-content\/uploads\/2026\/01\/Anmeldeformular-2026-27-STB-PC.pdf\" target=\"_blank\" rel=\"noopener\"><strong>&gt;&gt; HIER<\/strong><\/a> das Anmeldeformular.<\/p>\n<h1 class=\"title\"><span>Anmeldetermin buchen<\/span><\/h1>\n<p>Um lange Warteschlangen (vor allem in den ersten Tagen) zu vermeiden, ersuchen wir Sie, f\u00fcr die Schulanmeldung Ihres Kindes einen Anmeldetermin zu buchen. Zu jedem Anmeldetermin (30 min.) k\u00f6nnen 6 Anmeldungen durchgef\u00fchrt werden. Bitte buchen sie <strong>NUR einen Termin. <\/strong>Sollten Sie einen gebuchten Termin stornieren wollen, schreiben Sie ein Mail an <a href=\"mailto:office@lichtenfels.at\">office@lichtenfels.at<\/a> \u00a0und melden den Termin, der gel\u00f6scht werden soll. Danach k\u00f6nnen Sie gerne einen neuen Termin buchen.<\/p>\n<p><strong>Wichtiger Hinweis:<\/strong> Die Reihenfolge der bei uns einlangenden Anmeldungen hat keinen Einfluss auf die Aufnahme!<\/p>\n<h2 class=\"title\"><span>Terminbuchung<\/span><\/h2>\n<p><strong>Anmeldewoche 1<\/strong> (23.02. \u2013 27.02.2026), buchen Sie einen Anmeldetermin am<\/p>\n<ul>\n<li><a href=\"https:\/\/www.termino.gv.at\/meet\/b\/bc4d8603ff1c97ed076c9628eb81513b-538156\" target=\"_blank\" rel=\"noopener\"><strong>Montag, 23.02.2026<\/strong><\/a> &#8211; in der Zeit von 06.30 <strong>bis 15.00 Uhr<\/strong><\/li>\n<li><strong><a href=\"https:\/\/www.termino.gv.at\/meet\/b\/8fb16a8e8912504578252b01b39622e7-538164\" target=\"_blank\" rel=\"noopener\">Dienstag, 24.02.2026<\/a><\/strong> &#8211; in der Zeit von 06.30 <strong>bis 15.00 Uhr<\/strong><\/li>\n<li><strong><a href=\"https:\/\/www.termino.gv.at\/meet\/b\/6c36b16a44d3e01254e58204c54f66fb-538208\" target=\"_blank\" rel=\"noopener\">Mittwoch, 25.02.2026<\/a><\/strong> &#8211; in der Zeit von 06.30 bis 13.00 Uhr<\/li>\n<li><a href=\"https:\/\/www.termino.gv.at\/meet\/b\/8dbde6818d7135c5749f41600315d617-538210\" target=\"_blank\" rel=\"noopener\"><strong>Donnerstag, 26.02.2026<\/strong><\/a> &#8211; in der Zeit von 06.30 bis 13.00 Uhr<\/li>\n<li><strong><a href=\"https:\/\/www.termino.gv.at\/meet\/b\/c8229b953d465e583c89c023a9ffa45b-538211\" target=\"_blank\" rel=\"noopener\">Freitag, 27.02.2026<\/a><\/strong> &#8211; in der Zeit von 06.30 bis 13.00 Uhr<\/li>\n<\/ul>\n<p><strong>Anmeldewoche 2<\/strong> (02.03. \u2013 06.03.2026), buchen Sie einen Anmeldetermin am<\/p>\n<ul>\n<li><a href=\"https:\/\/www.termino.gv.at\/meet\/b\/3184b37c356521e727d28ede45cdd38f-538212\" target=\"_blank\" rel=\"noopener\"><strong>Montag, 02.03.2026<\/strong><\/a> &#8211; in der Zeit von 06.30 bis 13.00 Uhr<\/li>\n<li><a href=\"https:\/\/www.termino.gv.at\/meet\/b\/3f3b69f536b9a0f893f6c10118d83c3b-538215\" target=\"_blank\" rel=\"noopener\"><strong>Dienstag, 03.03.2026<\/strong><\/a> &#8211; in der Zeit von 06.30 bis 13.00 Uhr<\/li>\n<li><a href=\"https:\/\/www.termino.gv.at\/meet\/b\/31630e7166650d1072c5d40780dd90bd-538216\" target=\"_blank\" rel=\"noopener\"><strong>Mittwoch, 04.03.2026<\/strong><\/a> &#8211; in der Zeit von 06.30 bis 13.00 Uhr<\/li>\n<li><strong><a href=\"https:\/\/www.termino.gv.at\/meet\/b\/e0983e9b2489794fb1f8ae67f140252b-538217\" target=\"_blank\" rel=\"noopener\">Donnerstag, 05.03.2026<\/a><\/strong> &#8211; in der Zeit von 06.30 bis 13.00 Uhr<\/li>\n<li><a href=\"https:\/\/www.termino.gv.at\/meet\/b\/379839d3b5a9d2abedd507ccc44ba4bc-538218\" target=\"_blank\" rel=\"noopener\"><strong>Freitag, 06.03.2026<\/strong><\/a> &#8211; in der Zeit von 06.30 bis 13.00 Uhr<\/li>\n<\/ul>\n<p><strong>Weiterf\u00fchrende Informationen<\/strong><br \/>\n<em><a href=\"https:\/\/www.lichtenfels.at\/wp-content\/uploads\/2026\/01\/Informationsblatt-Sekundarstufe-I-26-27.pdf\" target=\"_blank\" rel=\"noopener\">&gt;&gt; Informationsblatt f\u00fcr Erziehungsberechtigte der Bildungsdirektion Steiermark<\/a><\/em><br \/>\nDieses Schreiben sollte Ihnen von der Volksschule Ihres Kindes \u00fcbermittelt worden sein.<\/p>\n<p>F\u00fcr weiterf\u00fchrende Informationen steht Ihnen das Team Lichtenfels gerne zur Verf\u00fcgung!<\/p>\n<p>Mit besten Gr\u00fc\u00dfen<br \/>\nNikolaus Holzapfel<br \/>\n(Direktor)<\/p>\n","protected":false},"excerpt":{"rendered":"<p>Anmeldung f\u00fcr die 1. Klasse an unserer Schule Schuljahr 2026\/27 \u2013 Anmeldezeitraum: 23.02. \u2013 06.03.2026 &gt;&gt; Gesamte Seite als pdf-Datei herunterladen Aufnahmekriterien Wir bem\u00fchen uns, alle bei uns erstangemeldeten AHS-reifen\u2026 <a href=\"https:\/\/www.lichtenfels.at\/neu\/schulanmeldung-26-27\/\" class=\"read-more-link\">weiterlesen &rarr;<\/a><\/p>\n","protected":false},"author":22,"featured_media":0,"parent":0,"menu_order":0,"comment_status":"closed","ping_status":"closed","template":"","meta":[],"_links":{"self":[{"href":"https:\/\/www.lichtenfels.at\/neu\/wp-json\/wp\/v2\/pages\/851554"}],"collection":[{"href":"https:\/\/www.lichtenfels.at\/neu\/wp-json\/wp\/v2\/pages"}],"about":[{"href":"https:\/\/www.lichtenfels.at\/neu\/wp-json\/wp\/v2\/types\/page"}],"author":[{"embeddable":true,"href":"https:\/\/www.lichtenfels.at\/neu\/wp-json\/wp\/v2\/users\/22"}],"replies":[{"embeddable":true,"href":"https:\/\/www.lichtenfels.at\/neu\/wp-json\/wp\/v2\/comments?post=851554"}],"version-history":[{"count":21,"href":"https:\/\/www.lichtenfels.at\/neu\/wp-json\/wp\/v2\/pages\/851554\/revisions"}],"predecessor-version":[{"id":1094757,"href":"https:\/\/www.lichtenfels.at\/neu\/wp-json\/wp\/v2\/pages\/851554\/revisions\/1094757"}],"wp:attachment":[{"href":"https:\/\/www.lichtenfels.at\/neu\/wp-json\/wp\/v2\/media?parent=851554"}],"curies":[{"name":"wp","href":"https:\/\/api.w.org\/{rel}","templated":true}]}}