{"id":861667,"date":"2024-02-15T19:18:39","date_gmt":"2024-02-15T18:18:39","guid":{"rendered":"https:\/\/www.lichtenfels.at\/neu\/?page_id=861667"},"modified":"2024-04-22T20:57:53","modified_gmt":"2024-04-22T18:57:53","slug":"kooperationen-allgemein","status":"publish","type":"page","link":"https:\/\/www.lichtenfels.at\/neu\/schule\/kooperationen\/kooperationen-allgemein\/","title":{"rendered":"Kooperationen allgemein"},"content":{"rendered":"\n<p>Unsere Schule pflegt eine enge Zusammenarbeit mit terti\u00e4ren Bildungseinrichtungen, wie zum Beispiel der <a href=\"https:\/\/www.uni-graz.at\/\" target=\"_blank\" rel=\"noopener noreferrer\">Universit\u00e4t Graz<\/a>, der <a href=\"https:\/\/www.fh-joanneum.at\/\" target=\"_blank\" rel=\"noopener noreferrer\">FH Joanneum<\/a>, dem <a href=\"https:\/\/www.stmk.wifi.at\/\" target=\"_blank\" rel=\"noopener noreferrer\">WIFI<\/a>, der <a href=\"https:\/\/www.tugraz.at\/home\/\" target=\"_blank\" rel=\"noopener noreferrer\">Technischen Universit\u00e4t Graz<\/a> und der <a href=\"https:\/\/www.phst.at\/\" target=\"_blank\" rel=\"noopener noreferrer\">P\u00e4dagogischen Hochschule<\/a>. Die Kooperationen werden zum einen durch Lehrkr\u00e4fte unserer Schule, die sich aktiv als Lektoren oder Lehrbeauftragte an den genannten Institutionen engagieren, und zum anderen durch die Sch\u00fclerInnen, die an Workshops, der <a href=\"https:\/\/www.kinderunigraz.at\/de\/\" target=\"_blank\" rel=\"noopener noreferrer\">Kinderuni<\/a>, Projekten, Betriebsbesichtigungen und Vortr\u00e4gen teilnehmen, aufrechterhalten.<\/p>\n\n\n\n<div class=\"wp-container-7 wp-block-columns\">\n<div class=\"wp-container-1 wp-block-column\"><p><a href=\"https:\/\/www.kinderunigraz.at\/de\/\" target=\"_blank\" rel=\"noopener noreferrer\"><img class=\"aligncenter size-medium wp-image-97\" src=\"http:\/\/www.lichtenfels.at\/wp-content\/uploads\/2018\/09\/kinderuni-graz-bg-brg-lichtenfels-schule-gymnasium-1.png\" alt=\"logo2\" width=\"80%\" height=\"74\" \/><\/a><\/p>\n<\/div>\n\n\n\n<div class=\"wp-container-2 wp-block-column\"><p><a href=\"https:\/\/m.schule-ohne-rassismus.org\/startseite\/\" target=\"_blank\" rel=\"noopener noreferrer\"><img class=\"aligncenter size-medium wp-image-98\" src=\"http:\/\/www.lichtenfels.at\/wp-content\/uploads\/2018\/09\/Schule-ohne-Rassismus-bg-brg-lichtenfels-schule-gymnasium-1.png\" alt=\"logo3\" width=\"100%\" height=\"74\" \/><\/a><\/p>\n<\/div>\n\n\n\n<div class=\"wp-container-3 wp-block-column\"><p><a href=\"https:\/\/www.unesco.at\/\" target=\"_blank\" rel=\"noopener noreferrer\"><img class=\"aligncenter size-full wp-image-96\" src=\"https:\/\/www.lichtenfels.at\/wp-content\/uploads\/2022\/10\/UnescoLogoSW.png\" alt=\"logo_1\" width=\"80%\" height=\"74\" \/><\/a><\/p>\n<\/div>\n\n\n\n<div class=\"wp-container-4 wp-block-column\"><p><a href=\"https:\/\/erasmus-plus.ec.europa.eu\/de\" target=\"_blank\" rel=\"noopener noreferrer\"><img class=\"aligncenter size-medium wp-image-99\" src=\"https:\/\/www.lichtenfels.at\/wp-content\/uploads\/2024\/02\/ErasmusPlus.png\" alt=\"\" width=\"100%\" height=\"74\" \/><\/a><\/p>\n<\/div>\n\n\n\n<div class=\"wp-container-5 wp-block-column\"><p><a href=\"https:\/\/www.tugraz.at\/home\/\" target=\"_blank\" rel=\"noopener noreferrer\"><img class=\"aligncenter size-medium wp-image-99\" src=\"http:\/\/www.lichtenfels.at\/wp-content\/uploads\/2018\/09\/TU-graz-uni-bg-brg-lichtenfels-schule-gymnasium-1.png\" alt=\"logo4\" width=\"100%\" height=\"74\" \/><\/a><\/p>\n<\/div>\n\n\n\n<div class=\"wp-container-6 wp-block-column\"><p><a href=\"https:\/\/www.lichtenfels.at\/wp-content\/uploads\/2024\/04\/SiegelBBF_SW.jpg\"><img fetchpriority=\"high\" class=\"alignnone size-full wp-image-873346\" src=\"https:\/\/www.lichtenfels.at\/wp-content\/uploads\/2024\/04\/SiegelBBF_SW.jpg\" alt=\"\" width=\"1140\" height=\"655\" srcset=\"https:\/\/www.lichtenfels.at\/wp-content\/uploads\/2024\/04\/SiegelBBF_SW.jpg 1140w, https:\/\/www.lichtenfels.at\/wp-content\/uploads\/2024\/04\/SiegelBBF_SW-300x172.jpg 300w, https:\/\/www.lichtenfels.at\/wp-content\/uploads\/2024\/04\/SiegelBBF_SW-1024x588.jpg 1024w, https:\/\/www.lichtenfels.at\/wp-content\/uploads\/2024\/04\/SiegelBBF_SW-768x441.jpg 768w\" sizes=\"(max-width: 1140px) 100vw, 1140px\" \/><\/a><\/p>\n<\/div>\n<\/div>\n\n\n\n<p>Die Betreuung von Studierenden in den P\u00e4dagogisch-Praktischen Studien (PPS) des Verbundes S\u00fcd-Ost der P\u00e4dagogInnenbildung Neu bringt es mit sich, dass regelm\u00e4\u00dfig junge BesucherInnen unseren Unterricht beobachten, Feedback geben, aber auch selbst Lehrauftritte absolvieren und damit Denkanst\u00f6\u00dfe ausl\u00f6sen und zu interessanten Diskussionen anregen.<\/p>\n\n\n\n<p>Eine ebenso gro\u00dfe Bereicherung sind Besuche von externen Referenten an unserer Schule zu zeitgen\u00f6ssischen oder zeitgeschichtlichen Themen. Auch Einladungen zu diversen Kunstaktionen und p\u00e4dagogischen Veranstaltungen werden gerne angenommen.<\/p>\n\n\n\n<p>Lange Tradition besitzen die Kooperationen mit der <a href=\"https:\/\/m.schule-ohne-rassismus.org\/startseite\/\" target=\"_blank\" rel=\"noopener noreferrer\">ARGE gegen Gewalt und Rassismus<\/a>, der <a href=\"http:\/\/www.kulturvermittlung.org\/primcell.php?ses=6400y4565q&amp;lang=dt&amp;bas=kvs\" target=\"_blank\" rel=\"noopener noreferrer\">Kulturvermittlung Steiermark<\/a>, <a href=\"https:\/\/www.kulturkontakt.or.at\/\" target=\"_blank\" rel=\"noopener noreferrer\">dem KulturKontakt Austria<\/a> (ehemals Kultur-Service) und der <a href=\"https:\/\/www.unesco.at\/\" target=\"_blank\" rel=\"noopener noreferrer\">Landes-ARGE der UNESCO<\/a>, die uns immer wieder zu neuen Projekten herausfordern und uns in der Umsetzung dieser sogar finanziell unterst\u00fctzen.<\/p>\n","protected":false},"excerpt":{"rendered":"<p>Unsere Schule pflegt eine enge Zusammenarbeit mit terti\u00e4ren Bildungseinrichtungen, wie zum Beispiel der Universit\u00e4t Graz, der FH Joanneum, dem WIFI, der Technischen Universit\u00e4t Graz und der P\u00e4dagogischen Hochschule. Die Kooperationen\u2026 <a href=\"https:\/\/www.lichtenfels.at\/neu\/schule\/kooperationen\/kooperationen-allgemein\/\" class=\"read-more-link\">weiterlesen &rarr;<\/a><\/p>\n","protected":false},"author":3,"featured_media":0,"parent":18403,"menu_order":0,"comment_status":"closed","ping_status":"closed","template":"page-fullwidth.php","meta":[],"_links":{"self":[{"href":"https:\/\/www.lichtenfels.at\/neu\/wp-json\/wp\/v2\/pages\/861667"}],"collection":[{"href":"https:\/\/www.lichtenfels.at\/neu\/wp-json\/wp\/v2\/pages"}],"about":[{"href":"https:\/\/www.lichtenfels.at\/neu\/wp-json\/wp\/v2\/types\/page"}],"author":[{"embeddable":true,"href":"https:\/\/www.lichtenfels.at\/neu\/wp-json\/wp\/v2\/users\/3"}],"replies":[{"embeddable":true,"href":"https:\/\/www.lichtenfels.at\/neu\/wp-json\/wp\/v2\/comments?post=861667"}],"version-history":[{"count":2,"href":"https:\/\/www.lichtenfels.at\/neu\/wp-json\/wp\/v2\/pages\/861667\/revisions"}],"predecessor-version":[{"id":879037,"href":"https:\/\/www.lichtenfels.at\/neu\/wp-json\/wp\/v2\/pages\/861667\/revisions\/879037"}],"up":[{"embeddable":true,"href":"https:\/\/www.lichtenfels.at\/neu\/wp-json\/wp\/v2\/pages\/18403"}],"wp:attachment":[{"href":"https:\/\/www.lichtenfels.at\/neu\/wp-json\/wp\/v2\/media?parent=861667"}],"curies":[{"name":"wp","href":"https:\/\/api.w.org\/{rel}","templated":true}]}}