{"id":862141,"date":"2024-02-15T19:24:50","date_gmt":"2024-02-15T18:24:50","guid":{"rendered":"https:\/\/www.lichtenfels.at\/neu\/?page_id=862141"},"modified":"2024-02-15T19:24:50","modified_gmt":"2024-02-15T18:24:50","slug":"partnerschule-frankreich","status":"publish","type":"page","link":"https:\/\/www.lichtenfels.at\/neu\/schule\/kooperationen\/partnerschule-frankreich\/","title":{"rendered":"Partnerschule Frankreich"},"content":{"rendered":"<p>Im Rahmen der Sprachwochen wird au\u00dferdem ein intensiver Austausch mit unseren Partnerschulen in Frankreich gepflegt. Unsere Sch\u00fclerInnen werden bei ihren Gastfamilien genauso freundlich aufgenommen, wie die Sch\u00fclerInnen aus Frankreich, die 10 Tage in Graz bleiben und unsere Schule besuchen.<\/p>\n<h2 style=\"text-align: center;\">Partnerschulen in Frankreich<\/h2>\n<p>&nbsp;<\/p>\n<div class=\"one_half\">\n<h5 style=\"text-align: left;\"><strong>Ensemble Scolaire Sainte Jeanne-Elisabeth<\/strong><\/h5>\n<table style=\"height: 184px;\" width=\"468\">\n<tbody>\n<tr>\n<td>Anschrift:<\/td>\n<td>Lyc\u00e9e Sainte Jeanne-Elisabeth:<\/td>\n<\/tr>\n<tr>\n<td><\/td>\n<td>8 Rue Maurice de la Sizeranne<\/td>\n<\/tr>\n<tr>\n<td><\/td>\n<td>75007 Paris, Frankreich<\/td>\n<\/tr>\n<tr>\n<td>Tel :<\/td>\n<td>+33 1 53585900<\/td>\n<\/tr>\n<tr>\n<td>Website:<\/td>\n<td>http:\/\/www.ste-jeanne-elisabeth.com\/<\/td>\n<\/tr>\n<tr>\n<td>Kontaktperson:<\/td>\n<td>Prof. Mag. Meixner Bettina<\/td>\n<\/tr>\n<\/tbody>\n<\/table>\n<\/div>\n<div class=\"one_half last\">\n<h5 style=\"text-align: left;\"><strong>Lyc\u00e9e Saint Elme<\/strong><\/h5>\n<table style=\"height: 184px;\" width=\"468\">\n<tbody>\n<tr>\n<td>Anschrift :<\/td>\n<td>Saint Elme<\/td>\n<\/tr>\n<tr>\n<td><\/td>\n<td>50, Boulevard Deganne<\/td>\n<\/tr>\n<tr>\n<td><\/td>\n<td>33120 Arcachon<\/td>\n<\/tr>\n<tr>\n<td>Tel :<\/td>\n<td>+33 5 56 54 92 23<\/td>\n<\/tr>\n<tr>\n<td>Website:<\/td>\n<td>http:\/\/www.stelme.fr<\/td>\n<\/tr>\n<tr>\n<td>Kontaktperson:<\/td>\n<td>Prof. Mag. Meixner Bettina<\/td>\n<\/tr>\n<\/tbody>\n<\/table>\n<\/div>\n<div class=\"clear\"><\/div>\n","protected":false},"excerpt":{"rendered":"<p>Im Rahmen der Sprachwochen wird au\u00dferdem ein intensiver Austausch mit unseren Partnerschulen in Frankreich gepflegt. Unsere Sch\u00fclerInnen werden bei ihren Gastfamilien genauso freundlich aufgenommen, wie die Sch\u00fclerInnen aus Frankreich, die\u2026 <a href=\"https:\/\/www.lichtenfels.at\/neu\/schule\/kooperationen\/partnerschule-frankreich\/\" class=\"read-more-link\">weiterlesen &rarr;<\/a><\/p>\n","protected":false},"author":3,"featured_media":0,"parent":18403,"menu_order":0,"comment_status":"closed","ping_status":"closed","template":"page-fullwidth.php","meta":[],"_links":{"self":[{"href":"https:\/\/www.lichtenfels.at\/neu\/wp-json\/wp\/v2\/pages\/862141"}],"collection":[{"href":"https:\/\/www.lichtenfels.at\/neu\/wp-json\/wp\/v2\/pages"}],"about":[{"href":"https:\/\/www.lichtenfels.at\/neu\/wp-json\/wp\/v2\/types\/page"}],"author":[{"embeddable":true,"href":"https:\/\/www.lichtenfels.at\/neu\/wp-json\/wp\/v2\/users\/3"}],"replies":[{"embeddable":true,"href":"https:\/\/www.lichtenfels.at\/neu\/wp-json\/wp\/v2\/comments?post=862141"}],"version-history":[{"count":1,"href":"https:\/\/www.lichtenfels.at\/neu\/wp-json\/wp\/v2\/pages\/862141\/revisions"}],"predecessor-version":[{"id":862192,"href":"https:\/\/www.lichtenfels.at\/neu\/wp-json\/wp\/v2\/pages\/862141\/revisions\/862192"}],"up":[{"embeddable":true,"href":"https:\/\/www.lichtenfels.at\/neu\/wp-json\/wp\/v2\/pages\/18403"}],"wp:attachment":[{"href":"https:\/\/www.lichtenfels.at\/neu\/wp-json\/wp\/v2\/media?parent=862141"}],"curies":[{"name":"wp","href":"https:\/\/api.w.org\/{rel}","templated":true}]}}

<p>Im Rahmen der Sprachwochen wird außerdem ein intensiver Austausch mit unseren Partnerschulen in Frankreich gepflegt. Unsere SchülerInnen werden bei ihren Gastfamilien genauso freundlich aufgenommen, wie die SchülerInnen aus Frankreich, die 10 Tage in Graz bleiben und unsere Schule besuchen.</p>
<h2 style="text-align: center;">Partnerschulen in Frankreich</h2>
<p>&nbsp;</p>
<div class="one_half">
<h5 style="text-align: left;"><strong>Ensemble Scolaire Sainte Jeanne-Elisabeth</strong></h5>
<table style="height: 184px;" width="468">
<tbody>
<tr>
<td>Anschrift:</td>
<td>Lycée Sainte Jeanne-Elisabeth:</td>
</tr>
<tr>
<td></td>
<td>8 Rue Maurice de la Sizeranne</td>
</tr>
<tr>
<td></td>
<td>75007 Paris, Frankreich</td>
</tr>
<tr>
<td>Tel :</td>
<td>+33 1 53585900</td>
</tr>
<tr>
<td>Website:</td>
<td>http://www.ste-jeanne-elisabeth.com/</td>
</tr>
<tr>
<td>Kontaktperson:</td>
<td>Prof. Mag. Meixner Bettina</td>
</tr>
</tbody>
</table>
</div>
<div class="one_half last">
<h5 style="text-align: left;"><strong>Lycée Saint Elme</strong></h5>
<table style="height: 184px;" width="468">
<tbody>
<tr>
<td>Anschrift :</td>
<td>Saint Elme</td>
</tr>
<tr>
<td></td>
<td>50, Boulevard Deganne</td>
</tr>
<tr>
<td></td>
<td>33120 Arcachon</td>
</tr>
<tr>
<td>Tel :</td>
<td>+33 5 56 54 92 23</td>
</tr>
<tr>
<td>Website:</td>
<td>http://www.stelme.fr</td>
</tr>
<tr>
<td>Kontaktperson:</td>
<td>Prof. Mag. Meixner Bettina</td>
</tr>
</tbody>
</table>
</div>
<div class="clear"></div>

<p>Im Rahmen der Sprachwochen wird außerdem ein intensiver Austausch mit unseren Partnerschulen in Frankreich gepflegt. Unsere SchülerInnen werden bei ihren Gastfamilien genauso freundlich aufgenommen, wie die SchülerInnen aus Frankreich, die… <a href="https://www.lichtenfels.at/neu/schule/kooperationen/partnerschule-frankreich/" class="read-more-link">weiterlesen &rarr;</a></p>
