{"id":883993,"date":"2024-06-23T23:04:15","date_gmt":"2024-06-23T21:04:15","guid":{"rendered":"https:\/\/www.lichtenfels.at\/neu\/?page_id=883993"},"modified":"2025-04-27T18:06:11","modified_gmt":"2025-04-27T16:06:11","slug":"netzwerk","status":"publish","type":"page","link":"https:\/\/www.lichtenfels.at\/neu\/netzwerk\/","title":{"rendered":"Auszeichnungen &#038; Netzwerkpartner"},"content":{"rendered":"\n<div class=\"wp-block-media-text alignwide is-stacked-on-mobile\" style=\"grid-template-columns:30% auto\"><figure class=\"wp-block-media-text__media\"><img fetchpriority=\"high\" width=\"300\" height=\"181\" src=\"https:\/\/www.lichtenfels.at\/wp-content\/uploads\/2025\/04\/dinama_300.jpg\" alt=\"\" class=\"wp-image-992790 size-full\"\/><\/figure><div class=\"wp-block-media-text__content\">\n<p><strong>DINAMA <\/strong>&#8211; Didaktikzentrum&nbsp;f\u00fcr Naturwissenschaften und Mathematik<\/p>\n\n\n\n<p>Das BG\/BRG Lichtenfels ist seit 2024 Kooperationsschule des DINAMA. Diese Partnerschaft dient der Vernetzung von Schule und Universit\u00e4t: Wie bringen wir Wissenschaft verst\u00e4ndlich und spannend in den Schulalltag?<\/p>\n\n\n\n<p><a rel=\"noreferrer noopener\" href=\"https:\/\/dinama.uni-graz.at\/de\/schule\/dinama-kooperationsschulen\/bg-brg-lichtenfels\/\" target=\"_blank\">>> Lichtenfels &amp; DINAMA<\/a><br><a href=\"https:\/\/www.lichtenfels.at\/neu\/schule\/kooperationen\/dinama-kooperationsschule\/\" target=\"_blank\" rel=\"noreferrer noopener\">>> Spannende Infos &amp; aktuelle Projekte<\/a><\/p>\n<\/div><\/div>\n\n\n\n<div class=\"wp-block-media-text alignwide is-stacked-on-mobile\" style=\"grid-template-columns:30% auto\"><figure class=\"wp-block-media-text__media\"><img width=\"300\" height=\"215\" src=\"https:\/\/www.lichtenfels.at\/wp-content\/uploads\/2024\/07\/mintsiegel_300.jpg\" alt=\"\" class=\"wp-image-894664 size-full\"\/><\/figure><div class=\"wp-block-media-text__content\">\n<p><strong>MINT-G\u00fctesiegel, 2024-2027<\/strong><\/p>\n\n\n\n<p>Innovatives Lernen in den Bereichen Mathematik, Informatik, Naturwissenschaft und Technik ist ein wichtiger Fokus, um die Sch\u00fclerinnen und Sch\u00fcler f\u00fcr die Herausforderungen einer immer komplexeren Zukunft fit zu machen.<\/p>\n\n\n\n<p><a href=\"https:\/\/www.mintschule.at\/\" target=\"_blank\" rel=\"noreferrer noopener\">&gt;&gt; MINT-Schulen in \u00d6sterreich<\/a><\/p>\n<\/div><\/div>\n\n\n\n<div class=\"wp-block-media-text alignwide is-stacked-on-mobile\" style=\"grid-template-columns:30% auto\"><figure class=\"wp-block-media-text__media\"><img width=\"300\" height=\"187\" src=\"https:\/\/www.lichtenfels.at\/wp-content\/uploads\/2024\/07\/bbf_300.jpg\" alt=\"\" class=\"wp-image-894729 size-full\"\/><\/figure><div class=\"wp-block-media-text__content\">\n<p><strong>Begabungs- und Begabtenf\u00f6rderung<\/strong><\/p>\n\n\n\n<p>Seit 2023 darf sich unsere Schule \u00fcber das \u201eBegabungssiegel\u201c der Bildungsdirektion Steiermark freuen, eine Auszeichnung, die das Bem\u00fchen unserer Schule, St\u00e4rken und Interessen von Sch\u00fclerinnen und Sch\u00fclern zu entdecken und diese bestm\u00f6glich zu f\u00f6rdern, wertsch\u00e4tzt.<\/p>\n\n\n\n<p><a href=\"https:\/\/www.lichtenfels.at\/neu\/angebot\/begabungs-begabtenfoerderung\/\" target=\"_blank\" rel=\"noreferrer noopener\">&gt;&gt; BBF am Lichtenfels<\/a><\/p>\n<\/div><\/div>\n\n\n\n<div class=\"wp-block-media-text alignwide is-stacked-on-mobile\" style=\"grid-template-columns:30% auto\"><figure class=\"wp-block-media-text__media\"><img loading=\"lazy\" width=\"300\" height=\"211\" src=\"https:\/\/www.lichtenfels.at\/wp-content\/uploads\/2024\/07\/erasmus_300.jpg\" alt=\"\" class=\"wp-image-894642 size-full\"\/><\/figure><div class=\"wp-block-media-text__content\">\n<p><strong>Erasmus+<\/strong><\/p>\n\n\n\n<p>Das Lernmobilit\u00e4tsprogramm der EU erm\u00f6glicht Auslandsaufenthalte f\u00fcr Sch\u00fcler:innen \u2013 einzeln und in Gruppen. Bei Gruppenaufenthalten lernen Sch\u00fcler:innen in einem anderen Land bis zu 30 Tage lang gemeinsam mit Gleichaltrigen.<\/p>\n\n\n\n<p><a href=\"https:\/\/www.lichtenfels.at\/neu\/schule\/kooperationen\/erasmus\/\" target=\"_blank\" rel=\"noreferrer noopener\">&gt;&gt; Erasmus+ am Lichtenfels<\/a><\/p>\n<\/div><\/div>\n\n\n\n<div class=\"wp-block-media-text alignwide is-stacked-on-mobile\" style=\"grid-template-columns:30% auto\"><figure class=\"wp-block-media-text__media\"><img loading=\"lazy\" width=\"300\" height=\"299\" src=\"https:\/\/www.lichtenfels.at\/wp-content\/uploads\/2024\/07\/digitale_schule_300.jpg\" alt=\"\" class=\"wp-image-894631 size-full\" srcset=\"https:\/\/www.lichtenfels.at\/wp-content\/uploads\/2024\/07\/digitale_schule_300.jpg 300w, https:\/\/www.lichtenfels.at\/wp-content\/uploads\/2024\/07\/digitale_schule_300-150x150.jpg 150w, https:\/\/www.lichtenfels.at\/wp-content\/uploads\/2024\/07\/digitale_schule_300-60x60.jpg 60w\" sizes=\"(max-width: 300px) 100vw, 300px\" \/><\/figure><div class=\"wp-block-media-text__content\">\n<p><strong>Digitale Schule<\/strong><\/p>\n\n\n\n<p>Der Aufbau digitaler Kompetenzen bedeutet am Lichtenfels die Entwicklung eines umfassenden, kritisch reflektierten Wissens, wie die digitale Welt funktioniert.<\/p>\n\n\n\n<p><a rel=\"noreferrer noopener\" href=\"https:\/\/www.bmbwf.gv.at\/Themen\/schule\/zrp\/dibi.html\" target=\"_blank\">&gt;&gt; Digitale Schule (bmbwf)<\/a><br><a rel=\"noreferrer noopener\" href=\"https:\/\/www.lichtenfels.at\/neu\/handylocker\/\" target=\"_blank\">&gt;&gt; Mein Handy ruht, mir geht es gut<\/a><\/p>\n<\/div><\/div>\n\n\n\n<div class=\"wp-block-media-text alignwide is-stacked-on-mobile\" style=\"grid-template-columns:30% auto\"><figure class=\"wp-block-media-text__media\"><img loading=\"lazy\" width=\"300\" height=\"291\" src=\"https:\/\/www.lichtenfels.at\/wp-content\/uploads\/2024\/07\/unesco_300.jpg\" alt=\"\" class=\"wp-image-894708 size-full\"\/><\/figure><div class=\"wp-block-media-text__content\">\n<p><strong>UNESCO-Schule<\/strong><\/p>\n\n\n\n<p>Das Lichtenfels ist Teil eines Bildungsnetzwerks von \u00fcber 11.500 Schulen weltweit. Wir haben uns bereiterkl\u00e4rt, Ideale und Ziele der UNESCO, der UN-Sonderorganisation f\u00fcr Bildung, Wissenschaft, Kultur und Kommunikation, in unserer t\u00e4glichen Arbeit umzusetzen.<\/p>\n\n\n\n<p><a href=\"https:\/\/www.unesco.at\/\" target=\"_blank\" rel=\"noreferrer noopener\">&gt;&gt; UNESCO in \u00d6sterreich<\/a><\/p>\n<\/div><\/div>\n\n\n\n<div class=\"wp-block-media-text alignwide is-stacked-on-mobile\" style=\"grid-template-columns:30% auto\"><figure class=\"wp-block-media-text__media\"><img loading=\"lazy\" width=\"300\" height=\"300\" src=\"https:\/\/www.lichtenfels.at\/wp-content\/uploads\/2024\/07\/meistersinger_300-1.jpg\" alt=\"\" class=\"wp-image-895621 size-full\" srcset=\"https:\/\/www.lichtenfels.at\/wp-content\/uploads\/2024\/07\/meistersinger_300-1.jpg 300w, https:\/\/www.lichtenfels.at\/wp-content\/uploads\/2024\/07\/meistersinger_300-1-150x150.jpg 150w, https:\/\/www.lichtenfels.at\/wp-content\/uploads\/2024\/07\/meistersinger_300-1-60x60.jpg 60w\" sizes=\"(max-width: 300px) 100vw, 300px\" \/><\/figure><div class=\"wp-block-media-text__content\">\n<p><strong>Meistersingerschule<\/strong><\/p>\n\n\n\n<p>Singen und Musizieren wird am Lichtenfelsgymnasium intensiv gef\u00f6rdert. Es gibt einen Schulchor, Stimmbildung in Kleingruppen und eine Schulband. All das zieht musikalische Kreise und erfreut sich wachsender Beliebtheit.<\/p>\n\n\n\n<p><a href=\"https:\/\/www.lichtenfels.at\/wp-content\/uploads\/2025\/04\/20250000-Meistersinger-Siegel-Urkunde.pdf\" target=\"_blank\" rel=\"noreferrer noopener\">&gt;&gt; Meistersinger-Urkunde<\/a><br><a href=\"https:\/\/meistersinger.info\/\">&gt;&gt; Meistersinger-Website<\/a><\/p>\n<\/div><\/div>\n\n\n\n<div class=\"wp-block-media-text alignwide is-stacked-on-mobile\" style=\"grid-template-columns:30% auto\"><figure class=\"wp-block-media-text__media\"><img loading=\"lazy\" width=\"300\" height=\"425\" src=\"https:\/\/www.lichtenfels.at\/wp-content\/uploads\/2024\/07\/arge_jugend_schule_ohne_rassismus_300.jpg\" alt=\"\" class=\"wp-image-895579 size-full\" srcset=\"https:\/\/www.lichtenfels.at\/wp-content\/uploads\/2024\/07\/arge_jugend_schule_ohne_rassismus_300.jpg 300w, https:\/\/www.lichtenfels.at\/wp-content\/uploads\/2024\/07\/arge_jugend_schule_ohne_rassismus_300-212x300.jpg 212w\" sizes=\"(max-width: 300px) 100vw, 300px\" \/><\/figure><div class=\"wp-block-media-text__content\">\n<p><strong>Schule ohne Rassismus<\/strong><\/p>\n\n\n\n<p>\u2026 ist ein Netzwerk im Einsatz f\u00fcr die Menschenw\u00fcrde. Eine Schule mit Courage stellt sich aktiv gegen Diskriminierung.<br>Aktuell arbeitet das Lichtenfels intensiv mit der Arge Jugend zusammen (Workshops), um von der ersten Klasse an ein Bewusstsein des Miteinanders zu pflegen und stetig zu entwickeln.<\/p>\n\n\n\n<p><a href=\"https:\/\/www.lichtenfels.at\/wp-content\/uploads\/2025\/04\/2023-24-Auszeichnung-Schule-ohne-Rassismus-2.pdf\" target=\"_blank\" rel=\"noreferrer noopener\">&gt;&gt; Auszeichnung Schule ohne Rassismus<\/a><br><a rel=\"noreferrer noopener\" href=\"https:\/\/www.argejugend.at\/projekte\/schulprojekte-neu\/\" target=\"_blank\">&gt;&gt; Projekte der ARGE JUGEND<\/a><br><\/p>\n<\/div><\/div>\n\n\n\n<div class=\"wp-block-media-text alignwide is-stacked-on-mobile\" style=\"grid-template-columns:30% auto\"><figure class=\"wp-block-media-text__media\"><img loading=\"lazy\" width=\"300\" height=\"301\" src=\"https:\/\/www.lichtenfels.at\/wp-content\/uploads\/2024\/07\/TU_300.jpg\" alt=\"\" class=\"wp-image-894697 size-full\" srcset=\"https:\/\/www.lichtenfels.at\/wp-content\/uploads\/2024\/07\/TU_300.jpg 300w, https:\/\/www.lichtenfels.at\/wp-content\/uploads\/2024\/07\/TU_300-150x150.jpg 150w, https:\/\/www.lichtenfels.at\/wp-content\/uploads\/2024\/07\/TU_300-60x60.jpg 60w\" sizes=\"(max-width: 300px) 100vw, 300px\" \/><\/figure><div class=\"wp-block-media-text__content\">\n<p><strong>Kooperationsschule der TU Graz<\/strong><\/p>\n\n\n\n<p>Die TU Graz bietet Kooperationsschulen individuelle Aktivit\u00e4ten f\u00fcr Sch\u00fcler*innen und \/ oder Lehrkr\u00e4fte. Die Schulen nehmen an (Forschungs-)Projekten der TU Graz teil und unterst\u00fctzen die TU Graz als Ansprechpartnerinnen f\u00fcr schulische Fragen. Weiters vermitteln sie in der Berufsorientierung Informationen \u00fcber technische und naturwissenschaftliche Berufe.<\/p>\n\n\n\n<p><a href=\"https:\/\/www.tugraz.at\/tu-graz\/services\/angebote-fuer-schulen\/tu-graz-schulnewsletter\" target=\"_blank\" rel=\"noreferrer noopener\">&gt;&gt; TU Graz \u2013 Angebote f\u00fcr Schulen<\/a><\/p>\n<\/div><\/div>\n\n\n\n<div class=\"wp-block-media-text alignwide is-stacked-on-mobile\" style=\"grid-template-columns:30% auto\"><figure class=\"wp-block-media-text__media\"><img loading=\"lazy\" width=\"300\" height=\"107\" src=\"https:\/\/www.lichtenfels.at\/wp-content\/uploads\/2024\/07\/oekolog_300-1.jpg\" alt=\"\" class=\"wp-image-895568 size-full\"\/><\/figure><div class=\"wp-block-media-text__content\">\n<p><strong>Das Lichtenfels ist eine \u00d6KOLOG-Schule<\/strong><\/p>\n\n\n\n<p>\u00d6KOLOG-Schulen sind Schulen zum Wohlf\u00fchlen. Sie engagieren sich f\u00fcr die Umwelt und suchen nachhaltige L\u00f6sungen f\u00fcr soziale, \u00f6konomische und \u00f6kologische Fragestellungen.<\/p>\n\n\n\n<p><a href=\"https:\/\/www.lichtenfels.at\/wp-content\/uploads\/2025\/04\/OeKOLOG-Auszeichnung-24-25.pdf\" target=\"_blank\" rel=\"noreferrer noopener\">&gt;&gt; \u00d6KOLOG-Auszeichnung<\/a><br><a rel=\"noreferrer noopener\" href=\"https:\/\/www.oekolog.at\/f%C3%BCr-den-unterricht\/\" target=\"_blank\">&gt;&gt; \u00d6KOLOG-Aktionsbereiche<\/a><\/p>\n<\/div><\/div>\n\n\n\n<div class=\"wp-block-media-text alignwide is-stacked-on-mobile\" style=\"grid-template-columns:30% auto\"><figure class=\"wp-block-media-text__media\"><img loading=\"lazy\" width=\"300\" height=\"228\" src=\"https:\/\/www.lichtenfels.at\/wp-content\/uploads\/2024\/07\/eco_podcasts_big_300.jpg\" alt=\"\" class=\"wp-image-895590 size-full\"\/><\/figure><div class=\"wp-block-media-text__content\">\n<p><strong>EcoPodcasts<\/strong><\/p>\n\n\n\n<p>Seit 2023 ist das Lichtenfels Teil des EU-Projekts Ecopodcasts. Sch\u00fcler:innen setzten sich mit Nachhaltigkeitsthemen rund um die <a href=\"https:\/\/www.sdgwatch.at\/de\/ueber-sdgs\/\" target=\"_blank\" rel=\"noreferrer noopener\">17 SDGs<\/a> auseinander und produzieren hochwertige Podcasts, die auf einer EU-weiten Plattform pr\u00e4sentiert werden. Lichtenfels-Podcasts:<br><a href=\"https:\/\/go.ecopodcasts.eu\/podcast\/rethink-reuse-recycle-2\/\" target=\"_blank\" rel=\"noreferrer noopener\">&gt;&gt; Rethink \u2013 Reuse &#8211; Recycle<\/a><br><a href=\"https:\/\/go.ecopodcasts.eu\/podcast\/cleaning-up-the-oceans\/\" target=\"_blank\" rel=\"noreferrer noopener\">&gt;&gt; Cleaning up the Oceans<\/a><br><a href=\"https:\/\/go.ecopodcasts.eu\/podcast\/food-and-environment\/\" target=\"_blank\" rel=\"noreferrer noopener\">&gt;&gt; Food and Environment<\/a><\/p>\n<\/div><\/div>\n","protected":false},"excerpt":{"rendered":"<p>DINAMA &#8211; Didaktikzentrum&nbsp;f\u00fcr Naturwissenschaften und Mathematik Das BG\/BRG Lichtenfels ist seit 2024 Kooperationsschule des DINAMA. Diese Partnerschaft dient der Vernetzung von Schule und Universit\u00e4t: Wie bringen wir Wissenschaft verst\u00e4ndlich und\u2026 <a href=\"https:\/\/www.lichtenfels.at\/neu\/netzwerk\/\" class=\"read-more-link\">weiterlesen &rarr;<\/a><\/p>\n","protected":false},"author":22,"featured_media":0,"parent":0,"menu_order":0,"comment_status":"closed","ping_status":"closed","template":"","meta":[],"_links":{"self":[{"href":"https:\/\/www.lichtenfels.at\/neu\/wp-json\/wp\/v2\/pages\/883993"}],"collection":[{"href":"https:\/\/www.lichtenfels.at\/neu\/wp-json\/wp\/v2\/pages"}],"about":[{"href":"https:\/\/www.lichtenfels.at\/neu\/wp-json\/wp\/v2\/types\/page"}],"author":[{"embeddable":true,"href":"https:\/\/www.lichtenfels.at\/neu\/wp-json\/wp\/v2\/users\/22"}],"replies":[{"embeddable":true,"href":"https:\/\/www.lichtenfels.at\/neu\/wp-json\/wp\/v2\/comments?post=883993"}],"version-history":[{"count":17,"href":"https:\/\/www.lichtenfels.at\/neu\/wp-json\/wp\/v2\/pages\/883993\/revisions"}],"predecessor-version":[{"id":994299,"href":"https:\/\/www.lichtenfels.at\/neu\/wp-json\/wp\/v2\/pages\/883993\/revisions\/994299"}],"wp:attachment":[{"href":"https:\/\/www.lichtenfels.at\/neu\/wp-json\/wp\/v2\/media?parent=883993"}],"curies":[{"name":"wp","href":"https:\/\/api.w.org\/{rel}","templated":true}]}}