{"id":928105,"date":"2024-10-12T12:04:26","date_gmt":"2024-10-12T10:04:26","guid":{"rendered":"https:\/\/www.lichtenfels.at\/neu\/?page_id=928105"},"modified":"2024-10-12T12:04:27","modified_gmt":"2024-10-12T10:04:27","slug":"zukunftsweg-gymnasium","status":"publish","type":"page","link":"https:\/\/www.lichtenfels.at\/neu\/zukunftsweg-gymnasium\/","title":{"rendered":"Zukunftsweg Gymnasium"},"content":{"rendered":"\n<p><\/p>\n\n\n\n<div class=\"wp-block-media-text alignwide is-stacked-on-mobile is-vertically-aligned-center\" style=\"grid-template-columns:30% auto\"><figure class=\"wp-block-media-text__media\"><img width=\"107\" height=\"115\" src=\"https:\/\/www.lichtenfels.at\/wp-content\/uploads\/2024\/10\/gym_stmk_logo_G.png\" alt=\"\" class=\"wp-image-928357 size-full\"\/><\/figure><div class=\"wp-block-media-text__content\">\n<p><strong><mark style=\"background-color:rgba(0, 0, 0, 0)\" class=\"has-inline-color has-vivid-red-color\">Zukunftsweg Gymnasium<\/mark> hei\u00dft eine aktuelle Initiative der steirischen Gymnasien und ihrer Direktorinnen und Direktoren. Drei Filme richten sich an Sch\u00fclerinnen und Sch\u00fcler sowie ihre Eltern. Die Botschaft ist klar: Der erfolgreiche Weg in die Zukunft f\u00fchrt \u00fcber das Gymnasium. Und sie sollen Lust auf lebenslanges Lernen machen.<\/strong><\/p>\n\n\n\n<p>Sie wollen mehr erfahren? Hier geht\u00b4s zur <a rel=\"noreferrer noopener\" href=\"https:\/\/www.lichtenfels.at\/wp-content\/uploads\/2024\/10\/Zukunftsweg-Gymnasium-Presse-Info.pdf\" target=\"_blank\"><strong>&gt;&gt; Presse-Aussendung<\/strong><\/a><\/p>\n\n\n\n<p>Hier gehts zum Youtube-Kanal <a href=\"http:\/\/www.youtube.com\/@gym-stmk\" target=\"_blank\" rel=\"noreferrer noopener\">&gt;&gt; www.youtube.com\/@gym-stmk<\/a><\/p>\n<\/div><\/div>\n\n\n\n<div class=\"wp-block-media-text alignwide is-stacked-on-mobile\" style=\"grid-template-columns:30% auto\"><figure class=\"wp-block-media-text__media\"><a href=\"https:\/\/youtu.be\/qHcmnIRHYwU?si=M9yWpmtyzmsSi30q\" target=\"_blank\" rel=\"noreferrer noopener\"><img width=\"267\" height=\"152\" src=\"https:\/\/www.lichtenfels.at\/wp-content\/uploads\/2024\/10\/elternfilm_thumb.png\" alt=\"\" class=\"wp-image-928561 size-full\"\/><\/a><\/figure><div class=\"wp-block-media-text__content\">\n<p><strong><mark style=\"background-color:rgba(0, 0, 0, 0)\" class=\"has-inline-color has-vivid-red-color\">Film 1 &#8230;<\/mark><\/strong><br><br>richtet sich an Eltern und alle, die sich f\u00fcr das Gymnasium interessieren&#8230;<br>Film auf <a rel=\"noreferrer noopener\" href=\"https:\/\/youtu.be\/qHcmnIRHYwU?si=M9yWpmtyzmsSi30q\" target=\"_blank\">&gt;&gt; Youtube ansehen.<\/a><\/p>\n<\/div><\/div>\n\n\n\n<div class=\"wp-block-media-text alignwide is-stacked-on-mobile\" style=\"grid-template-columns:30% auto\"><figure class=\"wp-block-media-text__media\"><a href=\"https:\/\/youtu.be\/1nMnugKY81k?si=NW0NNzedPYvyoCyi\" target=\"_blank\" rel=\"noreferrer noopener\"><img width=\"267\" height=\"151\" src=\"https:\/\/www.lichtenfels.at\/wp-content\/uploads\/2024\/10\/kids_thumb.png\" alt=\"\" class=\"wp-image-928582 size-full\"\/><\/a><\/figure><div class=\"wp-block-media-text__content\">\n<p><strong><mark style=\"background-color:rgba(0, 0, 0, 0)\" class=\"has-inline-color has-vivid-red-color\">Film 2 &#8230;<\/mark><\/strong><br><br>richtet sich an Sch\u00fclerinnen und Sch\u00fcler, die an<br>der Schwelle zur Oberstufe stehen&#8230;<br>Film auf <a rel=\"noreferrer noopener\" href=\"https:\/\/youtu.be\/1nMnugKY81k?si=NW0NNzedPYvyoCyi\" target=\"_blank\">&gt;&gt; Youtube ansehen.<\/a><\/p>\n<\/div><\/div>\n\n\n\n<div class=\"wp-block-media-text alignwide is-stacked-on-mobile\" style=\"grid-template-columns:30% auto\"><figure class=\"wp-block-media-text__media\"><a href=\"https:\/\/youtu.be\/SBXk5caB7mE?si=8qaqIIr97KquMZzU\" target=\"_blank\" rel=\"noreferrer noopener\"><img loading=\"lazy\" width=\"267\" height=\"151\" src=\"https:\/\/www.lichtenfels.at\/wp-content\/uploads\/2024\/10\/ali_thumb.png\" alt=\"\" class=\"wp-image-928550 size-full\"\/><\/a><\/figure><div class=\"wp-block-media-text__content\">\n<p><strong><mark style=\"background-color:rgba(0, 0, 0, 0)\" class=\"has-inline-color has-vivid-red-color\">Film 3 &#8230;<\/mark><\/strong><br><br>richtet sich an Sch\u00fcler:innen, die ihr<br>Leben zu einem Meisterwerk machen wollen!<br>Film auf <a rel=\"noreferrer noopener\" href=\"https:\/\/youtu.be\/SBXk5caB7mE?si=8qaqIIr97KquMZzU\" target=\"_blank\">&gt;&gt; Youtube ansehen.<\/a>  <a href=\"https:\/\/ali.do\/\" target=\"_blank\" rel=\"noreferrer noopener\">&gt;&gt; Ali Mahlodji<\/a><\/p>\n<\/div><\/div>\n","protected":false},"excerpt":{"rendered":"<p>Zukunftsweg Gymnasium hei\u00dft eine aktuelle Initiative der steirischen Gymnasien und ihrer Direktorinnen und Direktoren. Drei Filme richten sich an Sch\u00fclerinnen und Sch\u00fcler sowie ihre Eltern. Die Botschaft ist klar: Der\u2026 <a href=\"https:\/\/www.lichtenfels.at\/neu\/zukunftsweg-gymnasium\/\" class=\"read-more-link\">weiterlesen &rarr;<\/a><\/p>\n","protected":false},"author":22,"featured_media":0,"parent":0,"menu_order":0,"comment_status":"closed","ping_status":"closed","template":"","meta":[],"_links":{"self":[{"href":"https:\/\/www.lichtenfels.at\/neu\/wp-json\/wp\/v2\/pages\/928105"}],"collection":[{"href":"https:\/\/www.lichtenfels.at\/neu\/wp-json\/wp\/v2\/pages"}],"about":[{"href":"https:\/\/www.lichtenfels.at\/neu\/wp-json\/wp\/v2\/types\/page"}],"author":[{"embeddable":true,"href":"https:\/\/www.lichtenfels.at\/neu\/wp-json\/wp\/v2\/users\/22"}],"replies":[{"embeddable":true,"href":"https:\/\/www.lichtenfels.at\/neu\/wp-json\/wp\/v2\/comments?post=928105"}],"version-history":[{"count":12,"href":"https:\/\/www.lichtenfels.at\/neu\/wp-json\/wp\/v2\/pages\/928105\/revisions"}],"predecessor-version":[{"id":930202,"href":"https:\/\/www.lichtenfels.at\/neu\/wp-json\/wp\/v2\/pages\/928105\/revisions\/930202"}],"wp:attachment":[{"href":"https:\/\/www.lichtenfels.at\/neu\/wp-json\/wp\/v2\/media?parent=928105"}],"curies":[{"name":"wp","href":"https:\/\/api.w.org\/{rel}","templated":true}]}}