{"id":974386,"date":"2025-02-13T23:13:42","date_gmt":"2025-02-13T22:13:42","guid":{"rendered":"https:\/\/www.lichtenfels.at\/neu\/?page_id=974386"},"modified":"2025-02-13T23:18:34","modified_gmt":"2025-02-13T22:18:34","slug":"minkt-schule","status":"publish","type":"page","link":"https:\/\/www.lichtenfels.at\/neu\/schule\/kooperationen\/minkt-schule\/","title":{"rendered":"MINKT-Schule"},"content":{"rendered":"\n<p>Das BG\/BRG Lichtenfels wurde am 10. Juni 2024 in Wien mit dem MINT-G\u00fctesiegel ausgezeichnet. Diese Ehrung erfolgte durch den Bildungsminister und w\u00fcrdigt unser langj\u00e4hriges Engagement f\u00fcr die F\u00f6rderung der F\u00e4cher Mathematik, Informatik, Naturwissenschaften und Technik (MINT). Das MINT-G\u00fctesiegel steht f\u00fcr herausragende Bildungsqualit\u00e4t in diesen Bereichen und hebt Schulen hervor, die innovative Ans\u00e4tze, praxisorientierte Lernmethoden und zukunftsweisende Projekte in ihre Arbeit integrieren.<\/p>\n\n\n\n<p>Die Verleihung des MINT-G\u00fctesiegels best\u00e4tigt unsere Bem\u00fchungen, Talente individuell zu f\u00f6rdern und eine fundierte, zeitgem\u00e4\u00dfe Ausbildung zu gew\u00e4hrleisten. Gleichzeitig ist sie Ansporn, unsere Angebote stetig weiterzuentwickeln und neue Impulse in den MINT-F\u00e4chern zu setzen.<\/p>\n\n\n\n<p><strong>Weitere Informationen zum MINT-G\u00fctesiegel finden Sie&nbsp;<\/strong><a rel=\"noreferrer noopener\" href=\"https:\/\/dinama.uni-graz.at\/de\/schule\/#c617520\" target=\"_blank\">hier<\/a><strong>.<\/strong><\/p>\n\n\n<div class=\"wp-block-image\">\n<figure class=\"aligncenter size-large is-resized\"><img fetchpriority=\"high\" src=\"https:\/\/www.lichtenfels.at\/wp-content\/uploads\/2025\/01\/mint-guetesiegel_2024-2027-1024x490.jpg\" alt=\"\" class=\"wp-image-962777\" width=\"391\" height=\"187\" srcset=\"https:\/\/www.lichtenfels.at\/wp-content\/uploads\/2025\/01\/mint-guetesiegel_2024-2027-1024x490.jpg 1024w, https:\/\/www.lichtenfels.at\/wp-content\/uploads\/2025\/01\/mint-guetesiegel_2024-2027-300x143.jpg 300w, https:\/\/www.lichtenfels.at\/wp-content\/uploads\/2025\/01\/mint-guetesiegel_2024-2027-768x367.jpg 768w, https:\/\/www.lichtenfels.at\/wp-content\/uploads\/2025\/01\/mint-guetesiegel_2024-2027.jpg 1359w\" sizes=\"(max-width: 391px) 100vw, 391px\" \/><\/figure><\/div>\n\n<p><h1 class=\"title\"><span>Aktuelles<\/span><\/h1><\/p>\n\n<ul class=\"wp-block-latest-posts__list wp-block-latest-posts\"><li><a class=\"wp-block-latest-posts__post-title\" href=\"https:\/\/www.lichtenfels.at\/neu\/erfolgreiche-mission-unseres-stratosphaeren-ballons\/\">Erfolgreiche Mission unseres Stratosph\u00e4ren-Ballons<\/a><div class=\"wp-block-latest-posts__post-excerpt\">Am 14.05. erreichte das Projekt der Physikolympiade mit dem Start des Heliumballons einen H\u00f6hepunkt. Nach monatelangen Vorbereitungen des Teams gab es gegen Mittag endlich die Freigabe, und dem Start vom Dach des Schulgeb\u00e4udes stand nichts mehr im Wege. Viele Klassen verfolgten gespannt den Start \u00fcber einen Livestream in den Klassenr\u00e4umen. Der Ballon, dessen Flugbahn die\u2026 <a href=\"https:\/\/www.lichtenfels.at\/neu\/erfolgreiche-mission-unseres-stratosphaeren-ballons\/\" class=\"read-more-link\">weiterlesen &rarr;<\/a><\/div><\/li>\n<li><a class=\"wp-block-latest-posts__post-title\" href=\"https:\/\/www.lichtenfels.at\/neu\/lange-nacht-der-mathematik\/\">Lange Nacht der Mathematik<\/a><div class=\"wp-block-latest-posts__post-excerpt\">Am 13.03. und 24.03. lud das Lichtenfels-Mathematik-Team zur \u201eLangen Nacht der Mathematik\u201c ein \u2013 und zahlreiche Sch\u00fcler*innen der ersten und zweiten Klassen folgten dieser Einladung. Sie erlebten einen spannenden und abwechslungsreichen Abend rund um die Welt der Mathematik. Auf dem Universit\u00e4tsgel\u00e4nde wurde bei einer mathematischen Schatzsuche ger\u00e4tselt, im Workshop zu mathematischen Zaubereien lernten die Teilnehmenden\u2026 <a href=\"https:\/\/www.lichtenfels.at\/neu\/lange-nacht-der-mathematik\/\" class=\"read-more-link\">weiterlesen &rarr;<\/a><\/div><\/li>\n<li><a class=\"wp-block-latest-posts__post-title\" href=\"https:\/\/www.lichtenfels.at\/neu\/bronze-medaille-beim-mathe-mix-doppel\/\">Bronze Medaille beim Mathe-Mix Doppel<\/a><div class=\"wp-block-latest-posts__post-excerpt\">Das Mathe-Mix Doppel ist ein seit dem Vorjahr stattfindender Mathematikwettbewerb f\u00fcr Kinder zwischen 10 und 12 Jahren. Jedes Team besteht jeweils aus einem M\u00e4dchen und einem Jungen, derselben Schulstufe und gemeinsam werden knifflige Mathematikaufgaben gel\u00f6st.\u00a0 Die Vorrunde fand jeweils an der eigenen Schule bereits im Dezember 2024 statt. Am BG\/BRG Lichtenfels haben sich 30 Kinder\u2026 <a href=\"https:\/\/www.lichtenfels.at\/neu\/bronze-medaille-beim-mathe-mix-doppel\/\" class=\"read-more-link\">weiterlesen &rarr;<\/a><\/div><\/li>\n<li><a class=\"wp-block-latest-posts__post-title\" href=\"https:\/\/www.lichtenfels.at\/neu\/einladung-lange-nacht-der-mathematik\/\">Einladung: Lange Nacht der Mathematik<\/a><div class=\"wp-block-latest-posts__post-excerpt\">Liebe Erziehungsberechtigte, das MINKT-Team des BG\/BRG Lichtenfels l\u00e4dt alle Sch\u00fcler:innen der 1. und 2. Klassen herzlich zur &#8222;Langen Nacht der Mathematik&#8220; am Donnerstag, 13. M\u00e4rz 2025 ein. Diese spannende Veranstaltung bietet den Kindern die M\u00f6glichkeit, gemeinsam mathematische R\u00e4tsel und Knobelaufgaben zu l\u00f6sen und die Faszination der Mathematik auf spielerische Weise zu erleben. Anmeldeschluss ist Mittwoch,\u2026 <a href=\"https:\/\/www.lichtenfels.at\/neu\/einladung-lange-nacht-der-mathematik\/\" class=\"read-more-link\">weiterlesen &rarr;<\/a><\/div><\/li>\n<li><a class=\"wp-block-latest-posts__post-title\" href=\"https:\/\/www.lichtenfels.at\/neu\/dinama-kooperationsschule\/\">DINAMA-Kooperationsschule<\/a><div class=\"wp-block-latest-posts__post-excerpt\">Wir freuen uns, dass das BG\/BRG Lichtenfels nun offiziell als DINAMA-Kooperationsschule anerkannt ist! Im Rahmen der Kooperation mit dem\u00a0Didaktikzentrum f\u00fcr Naturwissenschaften (DINAMA)\u00a0der Universit\u00e4t Graz st\u00e4rken wir unsere naturwissenschaftliche Ausrichtung und profitieren von einem engen Austausch mit f\u00fchrenden Expert:innen in den Bereichen Mathematik, Informatik, Naturwissenschaften und Technik (MINT). &nbsp; Das Ziel der DINAMA-Kooperation ist es, den\u2026 <a href=\"https:\/\/www.lichtenfels.at\/neu\/dinama-kooperationsschule\/\" class=\"read-more-link\">weiterlesen &rarr;<\/a><\/div><\/li>\n<\/ul>","protected":false},"excerpt":{"rendered":"<p>Das BG\/BRG Lichtenfels wurde am 10. Juni 2024 in Wien mit dem MINT-G\u00fctesiegel ausgezeichnet. Diese Ehrung erfolgte durch den Bildungsminister und w\u00fcrdigt unser langj\u00e4hriges Engagement f\u00fcr die F\u00f6rderung der F\u00e4cher\u2026 <a href=\"https:\/\/www.lichtenfels.at\/neu\/schule\/kooperationen\/minkt-schule\/\" class=\"read-more-link\">weiterlesen &rarr;<\/a><\/p>\n","protected":false},"author":3,"featured_media":0,"parent":18403,"menu_order":0,"comment_status":"closed","ping_status":"closed","template":"","meta":[],"_links":{"self":[{"href":"https:\/\/www.lichtenfels.at\/neu\/wp-json\/wp\/v2\/pages\/974386"}],"collection":[{"href":"https:\/\/www.lichtenfels.at\/neu\/wp-json\/wp\/v2\/pages"}],"about":[{"href":"https:\/\/www.lichtenfels.at\/neu\/wp-json\/wp\/v2\/types\/page"}],"author":[{"embeddable":true,"href":"https:\/\/www.lichtenfels.at\/neu\/wp-json\/wp\/v2\/users\/3"}],"replies":[{"embeddable":true,"href":"https:\/\/www.lichtenfels.at\/neu\/wp-json\/wp\/v2\/comments?post=974386"}],"version-history":[{"count":5,"href":"https:\/\/www.lichtenfels.at\/neu\/wp-json\/wp\/v2\/pages\/974386\/revisions"}],"predecessor-version":[{"id":975023,"href":"https:\/\/www.lichtenfels.at\/neu\/wp-json\/wp\/v2\/pages\/974386\/revisions\/975023"}],"up":[{"embeddable":true,"href":"https:\/\/www.lichtenfels.at\/neu\/wp-json\/wp\/v2\/pages\/18403"}],"wp:attachment":[{"href":"https:\/\/www.lichtenfels.at\/neu\/wp-json\/wp\/v2\/media?parent=974386"}],"curies":[{"name":"wp","href":"https:\/\/api.w.org\/{rel}","templated":true}]}}

<p>Das BG/BRG Lichtenfels wurde am 10. Juni 2024 in Wien mit dem MINT-Gütesiegel ausgezeichnet. Diese Ehrung erfolgte durch den Bildungsminister und würdigt unser langjähriges Engagement für die Förderung der Fächer Mathematik, Informatik, Naturwissenschaften und Technik (MINT). Das MINT-Gütesiegel steht für herausragende Bildungsqualität in diesen Bereichen und hebt Schulen hervor, die innovative Ansätze, praxisorientierte Lernmethoden und zukunftsweisende Projekte in ihre Arbeit integrieren.</p>



<p>Die Verleihung des MINT-Gütesiegels bestätigt unsere Bemühungen, Talente individuell zu fördern und eine fundierte, zeitgemäße Ausbildung zu gewährleisten. Gleichzeitig ist sie Ansporn, unsere Angebote stetig weiterzuentwickeln und neue Impulse in den MINT-Fächern zu setzen.</p>



<p><strong>Weitere Informationen zum MINT-Gütesiegel finden Sie&nbsp;</strong><a rel="noreferrer noopener" href="https://dinama.uni-graz.at/de/schule/#c617520" target="_blank">hier</a><strong>.</strong></p>


<div class="wp-block-image">
<figure class="aligncenter size-large is-resized"><img fetchpriority="high" src="https://www.lichtenfels.at/wp-content/uploads/2025/01/mint-guetesiegel_2024-2027-1024x490.jpg" alt="" class="wp-image-962777" width="391" height="187" srcset="https://www.lichtenfels.at/wp-content/uploads/2025/01/mint-guetesiegel_2024-2027-1024x490.jpg 1024w, https://www.lichtenfels.at/wp-content/uploads/2025/01/mint-guetesiegel_2024-2027-300x143.jpg 300w, https://www.lichtenfels.at/wp-content/uploads/2025/01/mint-guetesiegel_2024-2027-768x367.jpg 768w, https://www.lichtenfels.at/wp-content/uploads/2025/01/mint-guetesiegel_2024-2027.jpg 1359w" sizes="(max-width: 391px) 100vw, 391px" /></figure></div>

<p><h1 class="title"><span>Aktuelles</span></h1></p>

<ul class="wp-block-latest-posts__list wp-block-latest-posts"><li><a class="wp-block-latest-posts__post-title" href="https://www.lichtenfels.at/neu/erfolgreiche-mission-unseres-stratosphaeren-ballons/">Erfolgreiche Mission unseres Stratosphären-Ballons</a><div class="wp-block-latest-posts__post-excerpt">Am 14.05. erreichte das Projekt der Physikolympiade mit dem Start des Heliumballons einen Höhepunkt. Nach monatelangen Vorbereitungen des Teams gab es gegen Mittag endlich die Freigabe, und dem Start vom Dach des Schulgebäudes stand nichts mehr im Wege. Viele Klassen verfolgten gespannt den Start über einen Livestream in den Klassenräumen. Der Ballon, dessen Flugbahn die… <a href="https://www.lichtenfels.at/neu/erfolgreiche-mission-unseres-stratosphaeren-ballons/" class="read-more-link">weiterlesen &rarr;</a></div></li>
<li><a class="wp-block-latest-posts__post-title" href="https://www.lichtenfels.at/neu/lange-nacht-der-mathematik/">Lange Nacht der Mathematik</a><div class="wp-block-latest-posts__post-excerpt">Am 13.03. und 24.03. lud das Lichtenfels-Mathematik-Team zur „Langen Nacht der Mathematik“ ein – und zahlreiche Schüler*innen der ersten und zweiten Klassen folgten dieser Einladung. Sie erlebten einen spannenden und abwechslungsreichen Abend rund um die Welt der Mathematik. Auf dem Universitätsgelände wurde bei einer mathematischen Schatzsuche gerätselt, im Workshop zu mathematischen Zaubereien lernten die Teilnehmenden… <a href="https://www.lichtenfels.at/neu/lange-nacht-der-mathematik/" class="read-more-link">weiterlesen &rarr;</a></div></li>
<li><a class="wp-block-latest-posts__post-title" href="https://www.lichtenfels.at/neu/bronze-medaille-beim-mathe-mix-doppel/">Bronze Medaille beim Mathe-Mix Doppel</a><div class="wp-block-latest-posts__post-excerpt">Das Mathe-Mix Doppel ist ein seit dem Vorjahr stattfindender Mathematikwettbewerb für Kinder zwischen 10 und 12 Jahren. Jedes Team besteht jeweils aus einem Mädchen und einem Jungen, derselben Schulstufe und gemeinsam werden knifflige Mathematikaufgaben gelöst.  Die Vorrunde fand jeweils an der eigenen Schule bereits im Dezember 2024 statt. Am BG/BRG Lichtenfels haben sich 30 Kinder… <a href="https://www.lichtenfels.at/neu/bronze-medaille-beim-mathe-mix-doppel/" class="read-more-link">weiterlesen &rarr;</a></div></li>
<li><a class="wp-block-latest-posts__post-title" href="https://www.lichtenfels.at/neu/einladung-lange-nacht-der-mathematik/">Einladung: Lange Nacht der Mathematik</a><div class="wp-block-latest-posts__post-excerpt">Liebe Erziehungsberechtigte, das MINKT-Team des BG/BRG Lichtenfels lädt alle Schüler:innen der 1. und 2. Klassen herzlich zur &#8222;Langen Nacht der Mathematik&#8220; am Donnerstag, 13. März 2025 ein. Diese spannende Veranstaltung bietet den Kindern die Möglichkeit, gemeinsam mathematische Rätsel und Knobelaufgaben zu lösen und die Faszination der Mathematik auf spielerische Weise zu erleben. Anmeldeschluss ist Mittwoch,… <a href="https://www.lichtenfels.at/neu/einladung-lange-nacht-der-mathematik/" class="read-more-link">weiterlesen &rarr;</a></div></li>
<li><a class="wp-block-latest-posts__post-title" href="https://www.lichtenfels.at/neu/dinama-kooperationsschule/">DINAMA-Kooperationsschule</a><div class="wp-block-latest-posts__post-excerpt">Wir freuen uns, dass das BG/BRG Lichtenfels nun offiziell als DINAMA-Kooperationsschule anerkannt ist! Im Rahmen der Kooperation mit dem Didaktikzentrum für Naturwissenschaften (DINAMA) der Universität Graz stärken wir unsere naturwissenschaftliche Ausrichtung und profitieren von einem engen Austausch mit führenden Expert:innen in den Bereichen Mathematik, Informatik, Naturwissenschaften und Technik (MINT). &nbsp; Das Ziel der DINAMA-Kooperation ist es, den… <a href="https://www.lichtenfels.at/neu/dinama-kooperationsschule/" class="read-more-link">weiterlesen &rarr;</a></div></li>
</ul>

<p>Das BG/BRG Lichtenfels wurde am 10. Juni 2024 in Wien mit dem MINT-Gütesiegel ausgezeichnet. Diese Ehrung erfolgte durch den Bildungsminister und würdigt unser langjähriges Engagement für die Förderung der Fächer… <a href="https://www.lichtenfels.at/neu/schule/kooperationen/minkt-schule/" class="read-more-link">weiterlesen &rarr;</a></p>
